CRAN Package Check Results for Package VARshrink

Last updated on 2024-05-25 05:52:42 CEST.

Flavor Version Tinstall Tcheck Ttotal Status Flags
r-devel-linux-x86_64-debian-clang 0.3.1 6.56 335.94 342.50 NOTE
r-devel-linux-x86_64-debian-gcc 0.3.1 5.86 225.44 231.30 NOTE
r-devel-linux-x86_64-fedora-clang 0.3.1 399.30 NOTE
r-devel-linux-x86_64-fedora-gcc 0.3.1 392.33 NOTE
r-devel-windows-x86_64 0.3.1 7.00 212.00 219.00 NOTE
r-patched-linux-x86_64 0.3.1 8.02 314.32 322.34 NOTE
r-release-linux-x86_64 0.3.1 7.91 314.50 322.41 NOTE
r-release-macos-arm64 0.3.1 84.00 NOTE
r-release-windows-x86_64 0.3.1 7.00 207.00 214.00 NOTE
r-oldrel-macos-arm64 0.3.1 96.00 NOTE
r-oldrel-macos-x86_64 0.3.1 182.00 NOTE
r-oldrel-windows-x86_64 0.3.1 8.00 306.00 314.00 NOTE

Check Details

Version: 0.3.1
Check: Rd files
Result: NOTE checkRd: (-1) Acoef_sh.Rd:23: Lost braces; missing escapes or markup? 23 | The function returns the K-by-K matrices {A_1, ..., A_p} as a list object. | ^ checkRd: (-1) VARshrink.Rd:58: Lost braces; missing escapes or markup? 58 | Consider VAR(p) model: y_t = A_1 y_{t-1} + ... + A_p y_{t-p} + C d_t + e_t, | ^ checkRd: (-1) VARshrink.Rd:58: Lost braces; missing escapes or markup? 58 | Consider VAR(p) model: y_t = A_1 y_{t-1} + ... + A_p y_{t-p} + C d_t + e_t, | ^ Flavors: r-devel-linux-x86_64-debian-clang, r-devel-linux-x86_64-debian-gcc, r-devel-linux-x86_64-fedora-clang, r-devel-linux-x86_64-fedora-gcc, r-devel-windows-x86_64, r-patched-linux-x86_64, r-release-linux-x86_64, r-release-macos-arm64, r-release-windows-x86_64

Version: 0.3.1
Check: LazyData
Result: NOTE 'LazyData' is specified without a 'data' directory Flavors: r-devel-linux-x86_64-debian-clang, r-devel-linux-x86_64-debian-gcc, r-devel-linux-x86_64-fedora-clang, r-devel-linux-x86_64-fedora-gcc, r-devel-windows-x86_64, r-patched-linux-x86_64, r-release-linux-x86_64, r-release-macos-arm64, r-release-windows-x86_64, r-oldrel-macos-arm64, r-oldrel-macos-x86_64, r-oldrel-windows-x86_64