Last updated on 2024-04-25 00:56:19 CEST.
Flavor | Version | Tinstall | Tcheck | Ttotal | Status | Flags |
---|---|---|---|---|---|---|
r-devel-linux-x86_64-debian-clang | 0.6.2 | 2.02 | 23.09 | 25.11 | NOTE | |
r-devel-linux-x86_64-debian-gcc | 0.6.2 | 1.79 | 17.74 | 19.53 | NOTE | |
r-devel-linux-x86_64-fedora-clang | 0.6.2 | 31.89 | NOTE | |||
r-devel-linux-x86_64-fedora-gcc | 0.6.2 | 30.62 | NOTE | |||
r-devel-windows-x86_64 | 0.6.2 | 3.00 | 37.00 | 40.00 | NOTE | |
r-patched-linux-x86_64 | 0.6.2 | 2.01 | 23.24 | 25.25 | NOTE | |
r-release-linux-x86_64 | 0.6.2 | 2.09 | 22.39 | 24.48 | OK | |
r-release-macos-arm64 | 0.6.2 | 17.00 | NOTE | |||
r-release-windows-x86_64 | 0.6.2 | 2.00 | 37.00 | 39.00 | NOTE | |
r-oldrel-macos-arm64 | 0.6.2 | 15.00 | OK | |||
r-oldrel-macos-x86_64 | 0.6.2 | 26.00 | OK | |||
r-oldrel-windows-x86_64 | 0.6.2 | 5.00 | 37.00 | 42.00 | OK |
Version: 0.6.2
Check: Rd files
Result: NOTE
checkRd: (-1) decomposition.Rd:27: Lost braces in \itemize; \value handles \item{}{} directly
checkRd: (-1) decomposition.Rd:28: Lost braces in \itemize; \value handles \item{}{} directly
checkRd: (-1) decomposition.Rd:29: Lost braces in \itemize; \value handles \item{}{} directly
checkRd: (-1) estimation.Rd:27: Lost braces in \itemize; \value handles \item{}{} directly
checkRd: (-1) estimation.Rd:28: Lost braces in \itemize; \value handles \item{}{} directly
checkRd: (-1) estimation.Rd:29: Lost braces in \itemize; \value handles \item{}{} directly
checkRd: (-1) moving.decomposition.Rd:27-28: Lost braces in \itemize; \value handles \item{}{} directly
checkRd: (-1) moving.decomposition.Rd:28: Lost braces
28 | \item{W2}{nxn matrix of weights. Season is estimated as W2 \%}\% y, if y is the data vector}
| ^
checkRd: (-1) moving.decomposition.Rd:28: Lost braces
28 | \item{W2}{nxn matrix of weights. Season is estimated as W2 \%}\% y, if y is the data vector}
| ^
checkRd: (-1) moving.estimation.Rd:29: Lost braces in \itemize; \value handles \item{}{} directly
checkRd: (-1) moving.estimation.Rd:30: Lost braces in \itemize; \value handles \item{}{} directly
checkRd: (-1) moving.estimation.Rd:31: Lost braces in \itemize; \value handles \item{}{} directly
Flavors: r-devel-linux-x86_64-debian-clang, r-devel-linux-x86_64-debian-gcc, r-devel-linux-x86_64-fedora-clang, r-devel-linux-x86_64-fedora-gcc, r-devel-windows-x86_64, r-patched-linux-x86_64, r-release-macos-arm64, r-release-windows-x86_64