CRAN Package Check Results for Package VBsparsePCA

Last updated on 2023-06-07 23:40:51 CEST.

Flavor Version Tinstall Tcheck Ttotal Status Flags
r-devel-linux-x86_64-debian-clang 0.1.0 2.88 41.88 44.76 NOTE
r-devel-linux-x86_64-debian-gcc 0.1.0 2.00 32.38 34.38 NOTE
r-devel-linux-x86_64-fedora-clang 0.1.0 55.85 NOTE
r-devel-linux-x86_64-fedora-gcc 0.1.0 54.31 NOTE
r-devel-windows-x86_64 0.1.0 9.00 53.00 62.00 NOTE
r-patched-linux-x86_64 0.1.0 2.17 40.70 42.87 NOTE
r-release-linux-x86_64 0.1.0 2.25 41.71 43.96 NOTE
r-release-macos-arm64 0.1.0 27.00 NOTE
r-release-macos-x86_64 0.1.0 40.00 NOTE
r-release-windows-x86_64 0.1.0 4.00 54.00 58.00 NOTE
r-oldrel-macos-arm64 0.1.0 24.00 NOTE
r-oldrel-macos-x86_64 0.1.0 29.00 NOTE
r-oldrel-windows-x86_64 0.1.0 5.00 56.00 61.00 NOTE

Check Details

Version: 0.1.0
Check: LazyData
Result: NOTE
     'LazyData' is specified without a 'data' directory
Flavors: r-devel-linux-x86_64-debian-clang, r-devel-linux-x86_64-debian-gcc, r-devel-linux-x86_64-fedora-clang, r-devel-linux-x86_64-fedora-gcc, r-devel-windows-x86_64, r-patched-linux-x86_64, r-release-linux-x86_64, r-release-macos-arm64, r-release-macos-x86_64, r-release-windows-x86_64, r-oldrel-macos-arm64, r-oldrel-macos-x86_64, r-oldrel-windows-x86_64

Version: 0.1.0
Check: dependencies in R code
Result: NOTE
    Namespace in Imports field not imported from: ‘MASS’
     All declared Imports should be used.
Flavors: r-devel-linux-x86_64-fedora-clang, r-devel-linux-x86_64-fedora-gcc, r-oldrel-macos-x86_64