CRAN Package Check Results for Package VFP

Last updated on 2022-01-26 23:50:36 CET.

Flavor Version Tinstall Tcheck Ttotal Status Flags
r-devel-linux-x86_64-debian-clang 1.4 14.05 134.13 148.18 OK
r-devel-linux-x86_64-debian-gcc 1.4 10.88 103.26 114.14 OK
r-devel-linux-x86_64-fedora-clang 1.4 170.08 OK
r-devel-linux-x86_64-fedora-gcc 1.4 171.79 OK
r-devel-windows-x86_64-new-UL 1.4 79.00 159.00 238.00 OK
r-devel-windows-x86_64-new-TK 1.4 ERROR
r-patched-linux-x86_64 1.4 14.88 125.15 140.03 OK
r-release-linux-x86_64 1.4 11.66 121.25 132.91 OK
r-release-macos-arm64 1.4 OK
r-release-macos-x86_64 1.4 OK
r-release-windows-ix86+x86_64 1.4 25.00 145.00 170.00 OK
r-oldrel-macos-x86_64 1.4 OK
r-oldrel-windows-ix86+x86_64 1.4 25.00 146.00 171.00 OK

Check Details

Version: 1.4
Check: package dependencies
Result: ERROR
    Package required but not available: 'VCA'
    
    See section 'The DESCRIPTION file' in the 'Writing R Extensions'
    manual.
Flavor: r-devel-windows-x86_64-new-TK