CRAN Package Check Results for Package VGAM

Last updated on 2020-12-02 05:48:20 CET.

Flavor Version Tinstall Tcheck Ttotal Status Flags
r-devel-linux-x86_64-debian-clang 1.1-4 136.97 564.09 701.06 OK
r-devel-linux-x86_64-debian-gcc 1.1-4 80.19 413.71 493.90 OK
r-devel-linux-x86_64-fedora-clang 1.1-4 804.49 NOTE
r-devel-linux-x86_64-fedora-gcc 1.1-4 806.38 OK
r-devel-windows-ix86+x86_64 1.1-4 184.00 918.00 1102.00 NOTE
r-patched-linux-x86_64 1.1-4 95.10 531.02 626.12 OK
r-patched-solaris-x86 1.1-4 896.70 NOTE
r-release-linux-x86_64 1.1-4 94.78 535.00 629.78 OK
r-release-macos-x86_64 1.1-4 NOTE
r-release-windows-ix86+x86_64 1.1-4 188.00 730.00 918.00 NOTE
r-oldrel-macos-x86_64 1.1-4 WARN
r-oldrel-windows-ix86+x86_64 1.1-4 142.00 851.00 993.00 WARN

Check Details

Version: 1.1-4
Check: installed package size
Result: NOTE
     installed size is 8.1Mb
     sub-directories of 1Mb or more:
     R 3.9Mb
     help 2.8Mb
Flavors: r-devel-linux-x86_64-fedora-clang, r-devel-windows-ix86+x86_64, r-patched-solaris-x86, r-release-macos-x86_64, r-release-windows-ix86+x86_64, r-oldrel-macos-x86_64, r-oldrel-windows-ix86+x86_64

Version: 1.1-4
Check: Rd cross-references
Result: NOTE
    Undeclared package ‘car’ in Rd xrefs
Flavor: r-devel-linux-x86_64-fedora-clang

Version: 1.1-4
Check: Rd cross-references
Result: WARN
    Missing link or links in documentation object 'dgaitplot.Rd':
     ‘[base]{plot}’
    
    Missing link or links in documentation object 'plotrcim0.Rd':
     ‘[base:plot]{plot}’
    
    See section 'Cross-references' in the 'Writing R Extensions' manual.
Flavors: r-oldrel-macos-x86_64, r-oldrel-windows-ix86+x86_64