Last updated on 2024-04-23 23:56:22 CEST.
Flavor | Version | Tinstall | Tcheck | Ttotal | Status | Flags |
---|---|---|---|---|---|---|
r-devel-linux-x86_64-debian-clang | 0.2.6 | 162.35 | 56.21 | 218.56 | NOTE | |
r-devel-linux-x86_64-debian-gcc | 0.2.6 | 126.74 | 40.45 | 167.19 | NOTE | |
r-devel-linux-x86_64-fedora-clang | 0.2.6 | 320.39 | NOTE | |||
r-devel-linux-x86_64-fedora-gcc | 0.2.6 | 316.80 | NOTE | |||
r-prerel-macos-arm64 | 0.2.6 | 58.00 | NOTE | |||
r-prerel-windows-x86_64 | 0.2.6 | 150.00 | 230.00 | 380.00 | NOTE | |
r-patched-linux-x86_64 | 0.2.6 | 146.51 | 52.54 | 199.05 | NOTE | |
r-release-linux-x86_64 | 0.2.6 | 158.22 | 53.39 | 211.61 | OK | |
r-release-macos-arm64 | 0.2.6 | 76.00 | OK | |||
r-release-macos-x86_64 | 0.2.6 | 121.00 | OK | |||
r-release-windows-x86_64 | 0.2.6 | 190.00 | 99.00 | 289.00 | OK | |
r-oldrel-macos-arm64 | 0.2.6 | 69.00 | OK | |||
r-oldrel-windows-x86_64 | 0.2.6 | 180.00 | 98.00 | 278.00 | OK |
Version: 0.2.6
Check: Rd files
Result: NOTE
checkRd: (-1) vic_param.Rd:311: Lost braces
311 | albedo must be supplied in code{forcing_veg}. Default = 1.}
| ^
checkRd: (-1) vic_param.Rd:323: Lost braces
323 | supplied in code{forcing_veg}. Default = 1.}
| ^
checkRd: (-1) vic_param.Rd:341: Lost braces
341 | be supplied in code{forcing_veg} Default = 0.}
| ^
Flavors: r-devel-linux-x86_64-debian-clang, r-devel-linux-x86_64-debian-gcc, r-devel-linux-x86_64-fedora-clang, r-devel-linux-x86_64-fedora-gcc, r-prerel-macos-arm64, r-prerel-windows-x86_64, r-patched-linux-x86_64