CRAN Package Check Results for Package VIMGUI

Last updated on 2019-04-22 17:50:42 CEST.

Flavor Version Tinstall Tcheck Ttotal Status Flags
r-devel-linux-x86_64-debian-clang 0.10.0 28.19 196.54 224.73 OK
r-devel-linux-x86_64-debian-gcc 0.10.0 22.06 196.61 218.67 OK
r-devel-linux-x86_64-fedora-clang 0.10.0 258.45 OK
r-devel-linux-x86_64-fedora-gcc 0.10.0 280.63 OK
r-devel-windows-ix86+x86_64 0.10.0 62.00 228.00 290.00 OK
r-patched-linux-x86_64 0.10.0 29.19 208.37 237.56 OK
r-patched-solaris-x86 0.10.0 421.60 OK
r-release-linux-x86_64 0.10.0 19.74 182.15 201.89 OK
r-release-windows-ix86+x86_64 0.10.0 29.00 267.00 296.00 OK
r-release-osx-x86_64 0.10.0 ERROR
r-oldrel-windows-ix86+x86_64 0.10.0 36.00 260.00 296.00 OK
r-oldrel-osx-x86_64 0.10.0 ERROR

Check Details

Version: 0.10.0
Check: package dependencies
Result: ERROR
    Packages required but not available: ‘gWidgetsRGtk2’ ‘RGtk2’
    
    See section ‘The DESCRIPTION file’ in the ‘Writing R Extensions’
    manual.
Flavors: r-release-osx-x86_64, r-oldrel-osx-x86_64