CRAN Package Check Results for Package VTrack

Last updated on 2019-05-24 05:47:56 CEST.

Flavor Version Tinstall Tcheck Ttotal Status Flags
r-devel-linux-x86_64-debian-clang 1.21 19.50 178.24 197.74 OK
r-devel-linux-x86_64-debian-gcc 1.21 18.31 136.04 154.35 OK
r-devel-linux-x86_64-fedora-clang 1.21 238.20 NOTE
r-devel-linux-x86_64-fedora-gcc 1.21 234.47 NOTE
r-devel-windows-ix86+x86_64 1.21 44.00 182.00 226.00 OK
r-patched-linux-x86_64 1.21 21.71 173.85 195.56 OK
r-patched-solaris-x86 1.21 375.70 NOTE
r-release-linux-x86_64 1.21 20.76 173.85 194.61 OK
r-release-windows-ix86+x86_64 1.21 58.00 195.00 253.00 OK
r-release-osx-x86_64 1.21 NOTE
r-oldrel-windows-ix86+x86_64 1.21 43.00 176.00 219.00 OK
r-oldrel-osx-x86_64 1.21 NOTE

Check Details

Version: 1.21
Check: dependencies in R code
Result: NOTE
    Namespaces in Imports field not imported from:
     ‘Hmisc’ ‘XML’ ‘checkmate’ ‘gstat’ ‘intervals’
     All declared Imports should be used.
Flavors: r-devel-linux-x86_64-fedora-clang, r-devel-linux-x86_64-fedora-gcc, r-patched-solaris-x86, r-release-osx-x86_64, r-oldrel-osx-x86_64