CRAN Package Check Results for Package VTrack

Last updated on 2019-03-26 05:50:56 CET.

Flavor Version Tinstall Tcheck Ttotal Status Flags
r-devel-linux-x86_64-debian-clang 1.21 20.01 168.75 188.76 OK
r-devel-linux-x86_64-debian-gcc 1.21 19.65 139.67 159.32 OK
r-devel-linux-x86_64-fedora-clang 1.21 244.88 NOTE
r-devel-linux-x86_64-fedora-gcc 1.21 222.70 NOTE
r-devel-windows-ix86+x86_64 1.21 65.00 247.00 312.00 OK
r-patched-linux-x86_64 1.21 14.22 167.50 181.72 OK
r-patched-solaris-x86 1.21 362.20 NOTE
r-release-linux-x86_64 1.21 12.96 165.82 178.78 OK
r-release-windows-ix86+x86_64 1.21 43.00 181.00 224.00 OK
r-release-osx-x86_64 1.21 NOTE
r-oldrel-windows-ix86+x86_64 1.21 27.00 195.00 222.00 OK
r-oldrel-osx-x86_64 1.21 NOTE

Check Details

Version: 1.21
Check: dependencies in R code
Result: NOTE
    Namespaces in Imports field not imported from:
     ‘Hmisc’ ‘XML’ ‘checkmate’ ‘gstat’ ‘intervals’
     All declared Imports should be used.
Flavors: r-devel-linux-x86_64-fedora-clang, r-devel-linux-x86_64-fedora-gcc, r-patched-solaris-x86, r-release-osx-x86_64, r-oldrel-osx-x86_64