CRAN Package Check Results for Package VWPre

Last updated on 2021-05-13 05:49:58 CEST.

Flavor Version Tinstall Tcheck Ttotal Status Flags
r-devel-linux-x86_64-debian-clang 1.2.4 10.25 109.49 119.74 OK
r-devel-linux-x86_64-debian-gcc 1.2.4 7.70 79.94 87.64 OK
r-devel-linux-x86_64-fedora-clang 1.2.4 150.83 NOTE
r-devel-linux-x86_64-fedora-gcc 1.2.4 142.22 OK
r-devel-windows-ix86+x86_64 1.2.4 24.00 135.00 159.00 OK
r-devel-windows-x86_64-gcc10-UCRT 1.2.4 OK
r-patched-linux-x86_64 1.2.4 9.90 102.96 112.86 OK
r-patched-solaris-x86 1.2.4 187.40 OK
r-release-linux-x86_64 1.2.4 9.45 102.59 112.04 OK
r-release-macos-x86_64 1.2.4 OK
r-release-windows-ix86+x86_64 1.2.4 15.00 117.00 132.00 OK
r-oldrel-macos-x86_64 1.2.4 OK
r-oldrel-windows-ix86+x86_64 1.2.4 18.00 133.00 151.00 OK

Check Details

Version: 1.2.4
Check: Rd cross-references
Result: NOTE
    Undeclared package ‘tibble’ in Rd xrefs
Flavor: r-devel-linux-x86_64-fedora-clang