Last updated on 2021-01-22 11:50:30 CET.
Flavor | Version | Tinstall | Tcheck | Ttotal | Status | Flags |
---|---|---|---|---|---|---|
r-devel-linux-x86_64-debian-clang | 2.1.3.1 | 324.07 | 156.50 | 480.57 | OK | |
r-devel-linux-x86_64-debian-gcc | 2.1.3.1 | 213.82 | 102.83 | 316.65 | OK | |
r-devel-linux-x86_64-fedora-clang | 2.1.3.1 | 676.69 | NOTE | |||
r-devel-linux-x86_64-fedora-gcc | 2.1.3.1 | 589.10 | OK | |||
r-devel-windows-ix86+x86_64 | 2.1.3.1 | 756.00 | 257.00 | 1013.00 | OK | |
r-patched-linux-x86_64 | 2.1.3.1 | 252.16 | 128.51 | 380.67 | OK | |
r-patched-solaris-x86 | 2.1.3.1 | 597.30 | OK | |||
r-release-linux-x86_64 | 2.1.3.1 | 252.91 | 129.67 | 382.58 | OK | |
r-release-macos-x86_64 | 2.1.3.1 | NOTE | ||||
r-release-windows-ix86+x86_64 | 2.1.3.1 | 650.00 | 274.00 | 924.00 | OK | |
r-oldrel-macos-x86_64 | 2.1.3.1 | NOTE | ||||
r-oldrel-windows-ix86+x86_64 | 2.1.3.1 | 501.00 | 191.00 | 692.00 | OK |
Version: 2.1.3.1
Check: installed package size
Result: NOTE
installed size is 11.7Mb
sub-directories of 1Mb or more:
libs 10.9Mb
Flavors: r-devel-linux-x86_64-fedora-clang, r-release-macos-x86_64, r-oldrel-macos-x86_64