CRAN Package Check Results for Package VarSwapPrice

Last updated on 2019-06-23 11:48:31 CEST.

Flavor Version Tinstall Tcheck Ttotal Status Flags
r-devel-linux-x86_64-debian-clang 1.0 1.80 16.55 18.35 NOTE
r-devel-linux-x86_64-debian-gcc 1.0 1.41 13.69 15.10 NOTE
r-devel-linux-x86_64-fedora-clang 1.0 22.91 NOTE
r-devel-linux-x86_64-fedora-gcc 1.0 21.49 NOTE
r-devel-windows-ix86+x86_64 1.0 5.00 34.00 39.00 NOTE
r-patched-linux-x86_64 1.0 1.73 16.76 18.49 NOTE
r-patched-solaris-x86 1.0 37.00 NOTE
r-release-linux-x86_64 1.0 1.55 16.86 18.41 NOTE
r-release-windows-ix86+x86_64 1.0 4.00 35.00 39.00 NOTE
r-release-osx-x86_64 1.0 NOTE
r-oldrel-windows-ix86+x86_64 1.0 2.00 24.00 26.00 NOTE
r-oldrel-osx-x86_64 1.0 NOTE

Check Details

Version: 1.0
Check: R code for possible problems
Result: NOTE
    black_scholes: no visible global function definition for 'pnorm'
    Undefined global functions or variables:
     pnorm
    Consider adding
     importFrom("stats", "pnorm")
    to your NAMESPACE file.
Flavors: r-devel-linux-x86_64-debian-clang, r-devel-linux-x86_64-debian-gcc, r-devel-linux-x86_64-fedora-clang, r-devel-linux-x86_64-fedora-gcc, r-devel-windows-ix86+x86_64, r-patched-linux-x86_64, r-patched-solaris-x86, r-release-linux-x86_64, r-release-windows-ix86+x86_64, r-release-osx-x86_64, r-oldrel-windows-ix86+x86_64, r-oldrel-osx-x86_64