CRAN Package Check Results for Package VecStatGraphs3D

Last updated on 2021-12-04 23:50:49 CET.

Flavor Version Tinstall Tcheck Ttotal Status Flags
r-devel-linux-x86_64-debian-clang 1.6 5.32 52.08 57.40 NOTE
r-devel-linux-x86_64-debian-gcc 1.6 3.58 42.78 46.36 NOTE
r-devel-linux-x86_64-fedora-clang 1.6 75.95 NOTE
r-devel-linux-x86_64-fedora-gcc 1.6 62.97 NOTE
r-devel-windows-x86_64-new-UL 1.6 14.00 93.00 107.00 NOTE
r-devel-windows-x86_64-new-TK 1.6 NOTE
r-devel-windows-x86_64-old 1.6 7.00 53.00 60.00 NOTE
r-patched-linux-x86_64 1.6 6.20 44.07 50.27 NOTE
r-release-linux-x86_64 1.6 4.91 44.33 49.24 NOTE
r-release-macos-arm64 1.6 NOTE
r-release-macos-x86_64 1.6 NOTE
r-release-windows-ix86+x86_64 1.6 10.00 61.00 71.00 NOTE
r-oldrel-macos-x86_64 1.6 NOTE
r-oldrel-windows-ix86+x86_64 1.6 10.00 62.00 72.00 NOTE

Check Details

Version: 1.6
Check: R code for possible problems
Result: NOTE
    DrawDensity3D: no visible global function definition for 'colorRamp'
    DrawDensity3D: no visible global function definition for 'rgb'
    ReadFromFile3D: no visible global function definition for 'read.table'
    Undefined global functions or variables:
     colorRamp read.table rgb
    Consider adding
     importFrom("grDevices", "colorRamp", "rgb")
     importFrom("utils", "read.table")
    to your NAMESPACE file.
Flavors: r-devel-linux-x86_64-debian-clang, r-devel-linux-x86_64-debian-gcc, r-devel-linux-x86_64-fedora-clang, r-devel-linux-x86_64-fedora-gcc, r-devel-windows-x86_64-new-UL, r-devel-windows-x86_64-new-TK, r-devel-windows-x86_64-old, r-patched-linux-x86_64, r-release-linux-x86_64, r-release-macos-arm64, r-release-macos-x86_64, r-release-windows-ix86+x86_64, r-oldrel-macos-x86_64, r-oldrel-windows-ix86+x86_64