Last updated on 2022-07-03 05:50:05 CEST.
Flavor | Version | Tinstall | Tcheck | Ttotal | Status | Flags |
---|---|---|---|---|---|---|
r-devel-linux-x86_64-debian-clang | 0.1.9 | 9.10 | 81.63 | 90.73 | OK | |
r-devel-linux-x86_64-debian-gcc | 0.1.9 | 6.55 | 59.77 | 66.32 | OK | |
r-devel-linux-x86_64-fedora-clang | 0.1.9 | 113.98 | NOTE | |||
r-devel-linux-x86_64-fedora-gcc | 0.1.9 | 120.79 | NOTE | |||
r-devel-windows-x86_64 | 0.1.9 | 28.00 | 158.00 | 186.00 | OK | |
r-patched-linux-x86_64 | 0.1.9 | 7.06 | 75.57 | 82.63 | OK | |
r-release-linux-x86_64 | 0.1.9 | 8.46 | 76.89 | 85.35 | OK | |
r-release-macos-arm64 | 0.1.9 | 37.00 | NOTE | |||
r-release-macos-x86_64 | 0.1.9 | 50.00 | NOTE | |||
r-release-windows-x86_64 | 0.1.9 | 39.00 | 128.00 | 167.00 | OK | |
r-oldrel-macos-arm64 | 0.1.9 | 38.00 | NOTE | |||
r-oldrel-macos-x86_64 | 0.1.9 | 50.00 | NOTE | |||
r-oldrel-windows-ix86+x86_64 | 0.1.9 | 20.00 | 118.00 | 138.00 | OK |
Version: 0.1.9
Check: dependencies in R code
Result: NOTE
Namespaces in Imports field not imported from:
‘kableExtra’ ‘knitr’ ‘leaflet’ ‘mapview’
All declared Imports should be used.
Flavors: r-devel-linux-x86_64-fedora-clang, r-devel-linux-x86_64-fedora-gcc, r-release-macos-arm64, r-release-macos-x86_64, r-oldrel-macos-arm64, r-oldrel-macos-x86_64