CRAN Package Check Results for Package VineCopula

Last updated on 2019-07-16 05:48:37 CEST.

Flavor Version Tinstall Tcheck Ttotal Status Flags
r-devel-linux-x86_64-debian-clang 2.1.8 44.47 188.42 232.89 NOTE
r-devel-linux-x86_64-debian-gcc 2.2.0 38.06 143.61 181.67 OK
r-devel-linux-x86_64-fedora-clang 2.2.0 289.01 OK
r-devel-linux-x86_64-fedora-gcc 2.2.0 284.94 OK
r-devel-windows-ix86+x86_64 2.2.0 124.00 371.00 495.00 OK
r-patched-linux-x86_64 2.1.8 43.19 187.65 230.84 NOTE
r-patched-solaris-x86 2.2.0 370.50 OK
r-release-linux-x86_64 2.1.8 40.99 188.35 229.34 NOTE
r-release-windows-ix86+x86_64 2.1.8 84.00 382.00 466.00 NOTE
r-release-osx-x86_64 2.1.8 NOTE
r-oldrel-windows-ix86+x86_64 2.2.0 79.00 259.00 338.00 OK
r-oldrel-osx-x86_64 2.1.8 OK

Check Details

Version: 2.1.8
Check: line endings in C/C++/Fortran sources/headers
Result: NOTE
    Found the following sources/headers not terminated with a newline:
     inst/include/VineCopula/pit.h
    Some compilers warn on such files.
Flavors: r-devel-linux-x86_64-debian-clang, r-patched-linux-x86_64, r-release-linux-x86_64, r-release-windows-ix86+x86_64, r-release-osx-x86_64