Last updated on 2019-02-24 00:08:26 CET.
Flavor | Version | Tinstall | Tcheck | Ttotal | Status | Flags |
---|---|---|---|---|---|---|
r-devel-linux-x86_64-debian-clang | 2.1.8 | 41.83 | 191.48 | 233.31 | NOTE | |
r-devel-linux-x86_64-debian-gcc | 2.1.8 | 34.38 | 144.32 | 178.70 | NOTE | |
r-devel-linux-x86_64-fedora-clang | 2.1.8 | 294.44 | NOTE | |||
r-devel-linux-x86_64-fedora-gcc | 2.1.8 | 275.51 | NOTE | |||
r-devel-windows-ix86+x86_64 | 2.1.8 | 99.00 | 273.00 | 372.00 | NOTE | |
r-patched-linux-x86_64 | 2.1.8 | 41.00 | 182.70 | 223.70 | OK | |
r-patched-solaris-x86 | 2.1.8 | 371.20 | OK | |||
r-release-linux-x86_64 | 2.1.8 | 36.34 | 183.91 | 220.25 | OK | |
r-release-windows-ix86+x86_64 | 2.1.8 | 100.00 | 343.00 | 443.00 | OK | |
r-release-osx-x86_64 | 2.1.8 | OK | ||||
r-oldrel-windows-ix86+x86_64 | 2.1.8 | 57.00 | 305.00 | 362.00 | OK | |
r-oldrel-osx-x86_64 | 2.1.8 | OK |
Version: 2.1.8
Check: line endings in C/C++/Fortran sources/headers
Result: NOTE
Found the following sources/headers not terminated with a newline:
inst/include/VineCopula/pit.h
Some compilers warn on such files.
Flavors: r-devel-linux-x86_64-debian-clang, r-devel-linux-x86_64-debian-gcc, r-devel-linux-x86_64-fedora-clang, r-devel-linux-x86_64-fedora-gcc, r-devel-windows-ix86+x86_64