Last updated on 2023-10-05 01:01:59 CEST.
Flavor | Version | Tinstall | Tcheck | Ttotal | Status | Flags |
---|---|---|---|---|---|---|
r-devel-linux-x86_64-debian-clang | 0.1-7 | 2.33 | 24.44 | 26.77 | OK | |
r-devel-linux-x86_64-debian-gcc | 0.1-7 | 1.90 | 19.49 | 21.39 | OK | |
r-devel-linux-x86_64-fedora-clang | 0.1-7 | 33.18 | NOTE | |||
r-devel-linux-x86_64-fedora-gcc | 0.1-7 | 33.40 | OK | |||
r-devel-windows-x86_64 | 0.1-7 | 3.00 | 107.00 | 110.00 | OK | |
r-patched-linux-x86_64 | 0.1-7 | 2.06 | 24.05 | 26.11 | OK | |
r-release-linux-x86_64 | 0.1-7 | 2.45 | 24.15 | 26.60 | OK | |
r-release-macos-arm64 | 0.1-7 | 22.00 | OK | |||
r-release-macos-x86_64 | 0.1-7 | 25.00 | OK | |||
r-release-windows-x86_64 | 0.1-7 | 3.00 | 43.00 | 46.00 | OK | |
r-oldrel-macos-arm64 | 0.1-7 | 19.00 | OK | |||
r-oldrel-macos-x86_64 | 0.1-7 | 25.00 | OK | |||
r-oldrel-windows-x86_64 | 0.1-7 | 4.00 | 47.00 | 51.00 | OK |
Version: 0.1-7
Check: Rd cross-references
Result: NOTE
Undeclared package ‘RCurl’ in Rd xrefs
Flavor: r-devel-linux-x86_64-fedora-clang