Last updated on 2024-08-31 23:49:18 CEST.
Flavor | Version | Tinstall | Tcheck | Ttotal | Status | Flags |
---|---|---|---|---|---|---|
r-devel-linux-x86_64-debian-clang | 0.1-7 | 2.77 | 23.69 | 26.46 | OK | |
r-devel-linux-x86_64-debian-gcc | 0.1-7 | 2.03 | 19.72 | 21.75 | OK | |
r-devel-linux-x86_64-fedora-clang | 0.1-7 | 41.62 | NOTE | |||
r-devel-linux-x86_64-fedora-gcc | 0.1-7 | 39.21 | OK | |||
r-devel-windows-x86_64 | 0.1-7 | 4.00 | 46.00 | 50.00 | OK | |
r-patched-linux-x86_64 | 0.1-7 | 2.54 | 22.96 | 25.50 | OK | |
r-release-linux-x86_64 | 0.1-7 | 2.37 | 22.87 | 25.24 | OK | |
r-release-macos-arm64 | 0.1-7 | 18.00 | OK | |||
r-release-macos-x86_64 | 0.1-7 | 26.00 | OK | |||
r-release-windows-x86_64 | 0.1-7 | 5.00 | 45.00 | 50.00 | OK | |
r-oldrel-macos-arm64 | 0.1-7 | 22.00 | OK | |||
r-oldrel-macos-x86_64 | 0.1-7 | 25.00 | OK | |||
r-oldrel-windows-x86_64 | 0.1-7 | 4.00 | 49.00 | 53.00 | OK |
Version: 0.1-7
Check: Rd cross-references
Result: NOTE
Undeclared package ‘RCurl’ in Rd xrefs
Flavor: r-devel-linux-x86_64-fedora-clang