Last updated on 2024-04-24 06:19:32 CEST.
Flavor | Version | Tinstall | Tcheck | Ttotal | Status | Flags |
---|---|---|---|---|---|---|
r-devel-linux-x86_64-debian-clang | 1.0.0 | 6.20 | 56.04 | 62.24 | NOTE | |
r-devel-linux-x86_64-debian-gcc | 1.0.0 | 3.60 | 42.49 | 46.09 | NOTE | |
r-devel-linux-x86_64-fedora-clang | 1.0.0 | 77.62 | NOTE | |||
r-devel-linux-x86_64-fedora-gcc | 1.0.0 | 93.75 | NOTE | |||
r-prerel-macos-arm64 | 1.0.0 | 32.00 | OK | |||
r-prerel-windows-x86_64 | 1.0.0 | 6.00 | 185.00 | 191.00 | NOTE | |
r-patched-linux-x86_64 | 1.0.0 | 6.81 | 54.16 | 60.97 | NOTE | |
r-release-linux-x86_64 | 1.0.0 | 5.19 | 51.04 | 56.23 | OK | |
r-release-macos-arm64 | 1.0.0 | 44.00 | OK | |||
r-release-macos-x86_64 | 1.0.0 | 74.00 | OK | |||
r-release-windows-x86_64 | 1.0.0 | 7.00 | 277.00 | 284.00 | OK | |
r-oldrel-macos-arm64 | 1.0.0 | 36.00 | OK | |||
r-oldrel-windows-x86_64 | 1.0.0 | 11.00 | 73.00 | 84.00 | OK |
Version: 1.0.0
Check: HTML version of manual
Result: NOTE
Found the following HTML validation problems:
get_logger.html:57:1 (get_logger.Rd:21): Warning: trimming empty <dt>
Flavors: r-devel-linux-x86_64-debian-clang, r-devel-linux-x86_64-debian-gcc, r-devel-linux-x86_64-fedora-clang, r-devel-linux-x86_64-fedora-gcc, r-prerel-windows-x86_64, r-patched-linux-x86_64