Last updated on 2023-12-11 12:52:30 CET.
Flavor | Version | Tinstall | Tcheck | Ttotal | Status | Flags |
---|---|---|---|---|---|---|
r-devel-linux-x86_64-debian-clang | 2.7.8 | 2.74 | 25.55 | 28.29 | OK | |
r-devel-linux-x86_64-debian-gcc | 2.7.8 | 2.23 | 19.83 | 22.06 | OK | |
r-devel-linux-x86_64-fedora-clang | 2.7.8 | 35.51 | NOTE | |||
r-devel-linux-x86_64-fedora-gcc | 2.7.8 | 33.36 | NOTE | |||
r-devel-windows-x86_64 | 2.7.8 | 5.00 | 43.00 | 48.00 | OK | |
r-patched-linux-x86_64 | 2.7.8 | 2.69 | 25.27 | 27.96 | OK | |
r-release-linux-x86_64 | 2.7.8 | 2.55 | 25.03 | 27.58 | OK | |
r-release-macos-arm64 | 2.7.8 | 15.00 | OK | |||
r-release-macos-x86_64 | 2.7.8 | 21.00 | OK | |||
r-release-windows-x86_64 | 2.7.8 | 4.00 | 43.00 | 47.00 | OK | |
r-oldrel-macos-arm64 | 2.7.8 | 18.00 | OK | |||
r-oldrel-macos-x86_64 | 2.7.8 | 23.00 | NOTE | |||
r-oldrel-windows-x86_64 | 2.7.8 | 4.00 | 45.00 | 49.00 | OK |
Version: 2.7.8
Check: data for non-ASCII characters
Result: NOTE
Note: found 1668 marked UTF-8 strings
Flavors: r-devel-linux-x86_64-fedora-clang, r-devel-linux-x86_64-fedora-gcc, r-oldrel-macos-x86_64