CRAN Package Check Results for Package WGCNA

Last updated on 2019-03-18 17:48:42 CET.

Flavor Version Tinstall Tcheck Ttotal Status Flags
r-devel-linux-x86_64-debian-clang 1.66 57.13 300.98 358.11 OK
r-devel-linux-x86_64-debian-gcc 1.66 48.86 227.76 276.62 OK
r-devel-linux-x86_64-fedora-clang 1.66 449.59 OK
r-devel-linux-x86_64-fedora-gcc 1.66 401.58 OK
r-devel-windows-ix86+x86_64 1.66 134.00 500.00 634.00 OK
r-patched-linux-x86_64 1.66 44.92 277.53 322.45 OK
r-patched-solaris-x86 1.66 553.80 OK
r-release-linux-x86_64 1.66 49.25 277.32 326.57 OK
r-release-windows-ix86+x86_64 1.66 111.00 355.00 466.00 OK
r-release-osx-x86_64 1.66 NOTE
r-oldrel-windows-ix86+x86_64 1.66 74.00 508.00 582.00 OK
r-oldrel-osx-x86_64 1.66 ERROR

Check Details

Version: 1.66
Check: package dependencies
Result: NOTE
    Package suggested but not available for checking: ‘org.Mm.eg.db’
Flavor: r-release-osx-x86_64

Version: 1.66
Check: package dependencies
Result: ERROR
    Package required but not available: ‘GO.db’
    
    Packages suggested but not available for checking:
     ‘org.Hs.eg.db’ ‘org.Mm.eg.db’
    
    See section ‘The DESCRIPTION file’ in the ‘Writing R Extensions’
    manual.
Flavor: r-oldrel-osx-x86_64