Last updated on 2023-10-03 06:07:16 CEST.
Flavor | Version | Tinstall | Tcheck | Ttotal | Status | Flags |
---|---|---|---|---|---|---|
r-devel-linux-x86_64-debian-clang | 4.0.0 | 18.51 | 364.49 | 383.00 | OK | |
r-devel-linux-x86_64-debian-gcc | 4.0.0 | 14.83 | 265.03 | 279.86 | OK | |
r-devel-linux-x86_64-fedora-clang | 4.0.0 | 450.27 | OK | |||
r-devel-linux-x86_64-fedora-gcc | 4.0.0 | 461.00 | OK | |||
r-devel-windows-x86_64 | 4.0.0 | 16.00 | 251.00 | 267.00 | OK | |
r-patched-linux-x86_64 | 4.0.0 | 17.09 | 349.81 | 366.90 | OK | |
r-release-linux-x86_64 | 4.0.0 | 18.02 | 345.64 | 363.66 | OK | |
r-release-macos-arm64 | 4.0.0 | 142.00 | OK | |||
r-release-macos-x86_64 | 4.0.0 | 240.00 | NOTE | |||
r-release-windows-x86_64 | 4.0.0 | 26.00 | 329.00 | 355.00 | OK | |
r-oldrel-macos-arm64 | 4.0.0 | 87.00 | OK | |||
r-oldrel-macos-x86_64 | 4.0.0 | 161.00 | OK | |||
r-oldrel-windows-x86_64 | 4.0.0 | 24.00 | 345.00 | 369.00 | OK |
Version: 4.0.0
Check: package dependencies
Result: NOTE
Packages suggested but not available for checking: 'EdSurvey', 'glmmTMB'
Flavor: r-release-macos-x86_64