CRAN Package Check Results for Package WikipediaR

Last updated on 2021-01-20 11:51:49 CET.

Flavor Version Tinstall Tcheck Ttotal Status Flags
r-devel-linux-x86_64-debian-clang 1.1 4.73 36.54 41.27 OK
r-devel-linux-x86_64-debian-gcc 1.1 4.03 29.13 33.16 OK
r-devel-linux-x86_64-fedora-clang 1.1 59.18 NOTE
r-devel-linux-x86_64-fedora-gcc 1.1 49.26 OK
r-devel-windows-ix86+x86_64 1.1 9.00 40.00 49.00 OK
r-patched-linux-x86_64 1.1 3.27 35.16 38.43 OK
r-patched-solaris-x86 1.1 69.60 OK
r-release-linux-x86_64 1.1 4.82 35.14 39.96 OK
r-release-macos-x86_64 1.1 OK
r-release-windows-ix86+x86_64 1.1 7.00 40.00 47.00 OK
r-oldrel-macos-x86_64 1.1 OK
r-oldrel-windows-ix86+x86_64 1.1 6.00 39.00 45.00 OK

Check Details

Version: 1.1
Check: Rd cross-references
Result: NOTE
    Undeclared package ‘WikipediR’ in Rd xrefs
Flavor: r-devel-linux-x86_64-fedora-clang