Last updated on 2024-03-29 00:51:06 CET.
Flavor | Version | Tinstall | Tcheck | Ttotal | Status | Flags |
---|---|---|---|---|---|---|
r-devel-linux-x86_64-debian-clang | 0.99.19.1 | 122.63 | 30.35 | 152.98 | NOTE | |
r-devel-linux-x86_64-debian-gcc | 0.99.19.1 | 88.69 | 24.01 | 112.70 | NOTE | |
r-devel-linux-x86_64-fedora-clang | 0.99.19.1 | 237.24 | NOTE | |||
r-devel-linux-x86_64-fedora-gcc | 0.99.19.1 | 224.98 | NOTE | |||
r-devel-windows-x86_64 | 0.99.19.1 | 88.00 | 74.00 | 162.00 | NOTE | |
r-patched-linux-x86_64 | 0.99.19.1 | 113.13 | 30.59 | 143.72 | NOTE | |
r-release-linux-x86_64 | 0.99.19.1 | 116.65 | 29.66 | 146.31 | OK | |
r-release-macos-arm64 | 0.99.19.1 | 45.00 | OK | |||
r-release-macos-x86_64 | 0.99.19.1 | 80.00 | OK | |||
r-release-windows-x86_64 | 0.99.19.1 | 84.00 | 125.00 | 209.00 | OK | |
r-oldrel-macos-arm64 | 0.99.19.1 | 45.00 | OK | |||
r-oldrel-windows-x86_64 | 0.99.19.1 | 111.00 | 96.00 | 207.00 | OK |
Version: 0.99.19.1
Check: Rd files
Result: NOTE
checkRd: (-1) xbrlSECdev01.Rd:20: Lost braces in \itemize; meant \describe ?
Flavors: r-devel-linux-x86_64-debian-clang, r-devel-linux-x86_64-debian-gcc, r-devel-linux-x86_64-fedora-clang, r-devel-linux-x86_64-fedora-gcc, r-devel-windows-x86_64, r-patched-linux-x86_64