CRAN Package Check Results for Package XRJulia

Last updated on 2024-04-19 18:05:50 CEST.

Flavor Version Tinstall Tcheck Ttotal Status Flags
r-devel-linux-x86_64-debian-clang 0.9.0 4.03 37.01 41.04 NOTE
r-devel-linux-x86_64-debian-gcc 0.9.0 NOTE
r-devel-linux-x86_64-fedora-clang 0.9.0 54.29 NOTE
r-devel-linux-x86_64-fedora-gcc 0.9.0 64.81 NOTE
r-prerel-macos-arm64 0.9.0 26.00 NOTE
r-prerel-windows-x86_64 0.9.0 6.00 49.00 55.00 NOTE
r-patched-linux-x86_64 0.9.0 8.84 35.17 44.01 NOTE
r-release-linux-x86_64 0.9.0 6.41 34.54 40.95 OK
r-release-macos-arm64 0.9.0 26.00 OK
r-release-macos-x86_64 0.9.0 39.00 OK
r-release-windows-x86_64 0.9.0 7.00 52.00 59.00 OK
r-oldrel-macos-arm64 0.9.0 20.00 OK
r-oldrel-windows-x86_64 0.9.0 10.00 54.00 64.00 OK

Check Details

Version: 0.9.0
Check: Rd metadata
Result: NOTE Invalid package aliases in Rd file 'XRjulia-package.Rd': ‘XRjulia-package’ Flavors: r-devel-linux-x86_64-debian-clang, r-devel-linux-x86_64-debian-gcc, r-devel-linux-x86_64-fedora-clang, r-devel-linux-x86_64-fedora-gcc, r-prerel-macos-arm64, r-prerel-windows-x86_64, r-patched-linux-x86_64