CRAN Package Check Results for Package aGE

Last updated on 2021-06-25 11:52:19 CEST.

Flavor Version Tinstall Tcheck Ttotal Status Flags
r-devel-linux-x86_64-debian-clang 0.0.9 2.95 32.76 35.71 NOTE
r-devel-linux-x86_64-debian-gcc 0.0.9 2.24 25.41 27.65 NOTE
r-devel-linux-x86_64-fedora-clang 0.0.9 51.46 NOTE
r-devel-linux-x86_64-fedora-gcc 0.0.9 42.20 NOTE
r-devel-windows-x86_64 0.0.9 5.00 40.00 45.00 NOTE
r-devel-windows-x86_64-gcc10-UCRT 0.0.9 NOTE
r-patched-linux-x86_64 0.0.9 2.44 32.13 34.57 NOTE
r-patched-solaris-x86 0.0.9 60.90 NOTE
r-release-linux-x86_64 0.0.9 2.54 32.07 34.61 NOTE
r-release-macos-arm64 0.0.9 NOTE
r-release-macos-x86_64 0.0.9 NOTE
r-release-windows-ix86+x86_64 0.0.9 5.00 50.00 55.00 NOTE
r-oldrel-macos-x86_64 0.0.9 OK
r-oldrel-windows-ix86+x86_64 0.0.9 6.00 40.00 46.00 NOTE

Check Details

Version: 0.0.9
Check: LazyData
Result: NOTE
     'LazyData' is specified without a 'data' directory
Flavors: r-devel-linux-x86_64-debian-clang, r-devel-linux-x86_64-debian-gcc, r-devel-linux-x86_64-fedora-clang, r-devel-linux-x86_64-fedora-gcc, r-devel-windows-x86_64, r-devel-windows-x86_64-gcc10-UCRT, r-patched-linux-x86_64, r-patched-solaris-x86, r-release-linux-x86_64, r-release-macos-arm64, r-release-macos-x86_64, r-release-windows-ix86+x86_64

Version: 0.0.9
Check: package vignettes
Result: NOTE
    Package vignette with placeholder title 'Vignette Title':
     'About.Rmd'
Flavors: r-devel-linux-x86_64-debian-clang, r-devel-linux-x86_64-debian-gcc, r-devel-windows-x86_64, r-patched-linux-x86_64, r-release-linux-x86_64, r-release-windows-ix86+x86_64, r-oldrel-windows-ix86+x86_64