Last updated on 2023-09-24 05:53:04 CEST.
Flavor | Version | Tinstall | Tcheck | Ttotal | Status | Flags |
---|---|---|---|---|---|---|
r-devel-linux-x86_64-debian-clang | 0.2.4 | 300.36 | 141.72 | 442.08 | OK | |
r-devel-linux-x86_64-debian-gcc | 0.2.4 | 194.40 | 98.42 | 292.82 | OK | |
r-devel-linux-x86_64-fedora-clang | 0.2.4 | 630.11 | OK | |||
r-devel-linux-x86_64-fedora-gcc | 0.2.4 | 642.91 | OK | |||
r-devel-windows-x86_64 | 0.2.4 | 223.00 | 159.00 | 382.00 | OK | |
r-patched-linux-x86_64 | 0.2.4 | 283.12 | 128.01 | 411.13 | OK | |
r-release-linux-x86_64 | 0.2.4 | 279.46 | 128.01 | 407.47 | OK | |
r-release-macos-arm64 | 0.2.4 | 133.00 | NOTE | |||
r-release-macos-x86_64 | 0.2.4 | 152.00 | NOTE | |||
r-release-windows-x86_64 | 0.2.4 | 281.00 | 183.00 | 464.00 | OK | |
r-oldrel-macos-arm64 | 0.2.4 | 133.00 | NOTE | |||
r-oldrel-macos-x86_64 | 0.2.4 | 175.00 | NOTE | |||
r-oldrel-windows-x86_64 | 0.2.4 | 259.00 | 170.00 | 429.00 | OK |
Version: 0.2.4
Check: installed package size
Result: NOTE
installed size is 5.8Mb
sub-directories of 1Mb or more:
libs 5.3Mb
Flavors: r-release-macos-arm64, r-release-macos-x86_64, r-oldrel-macos-arm64, r-oldrel-macos-x86_64