CRAN Package Check Results for Package abcrlda

Last updated on 2021-06-25 11:52:19 CEST.

Flavor Version Tinstall Tcheck Ttotal Status Flags
r-devel-linux-x86_64-debian-clang 1.0.3 2.02 25.10 27.12 NOTE
r-devel-linux-x86_64-debian-gcc 1.0.3 1.32 19.49 20.81 NOTE
r-devel-linux-x86_64-fedora-clang 1.0.3 42.43 NOTE
r-devel-linux-x86_64-fedora-gcc 1.0.3 32.54 NOTE
r-devel-windows-x86_64 1.0.3 4.00 38.00 42.00 NOTE
r-devel-windows-x86_64-gcc10-UCRT 1.0.3 NOTE
r-patched-linux-x86_64 1.0.3 2.16 24.54 26.70 NOTE
r-patched-solaris-x86 1.0.3 47.40 NOTE
r-release-linux-x86_64 1.0.3 1.94 24.40 26.34 NOTE
r-release-macos-arm64 1.0.3 NOTE
r-release-macos-x86_64 1.0.3 NOTE
r-release-windows-ix86+x86_64 1.0.3 5.00 32.00 37.00 NOTE
r-oldrel-macos-x86_64 1.0.3 OK
r-oldrel-windows-ix86+x86_64 1.0.3 5.00 38.00 43.00 OK

Check Details

Version: 1.0.3
Check: LazyData
Result: NOTE
     'LazyData' is specified without a 'data' directory
Flavors: r-devel-linux-x86_64-debian-clang, r-devel-linux-x86_64-debian-gcc, r-devel-linux-x86_64-fedora-clang, r-devel-linux-x86_64-fedora-gcc, r-devel-windows-x86_64, r-devel-windows-x86_64-gcc10-UCRT, r-patched-linux-x86_64, r-patched-solaris-x86, r-release-linux-x86_64, r-release-macos-arm64, r-release-macos-x86_64, r-release-windows-ix86+x86_64