CRAN Package Check Results for Package abcrlda

Last updated on 2024-05-29 05:59:13 CEST.

Flavor Version Tinstall Tcheck Ttotal Status Flags
r-devel-linux-x86_64-debian-clang 1.0.3 2.34 26.88 29.22 NOTE
r-devel-linux-x86_64-debian-gcc 1.0.3 1.50 19.97 21.47 NOTE
r-devel-linux-x86_64-fedora-clang 1.0.3 36.26 NOTE
r-devel-linux-x86_64-fedora-gcc 1.0.3 33.96 NOTE
r-devel-windows-x86_64 1.0.3 3.00 43.00 46.00 NOTE
r-patched-linux-x86_64 1.0.3 2.26 25.07 27.33 NOTE
r-release-linux-x86_64 1.0.3 1.99 25.65 27.64 NOTE
r-release-macos-arm64 1.0.3 15.00 NOTE
r-release-windows-x86_64 1.0.3 4.00 41.00 45.00 NOTE
r-oldrel-macos-arm64 1.0.3 16.00 NOTE
r-oldrel-macos-x86_64 1.0.3 21.00 NOTE
r-oldrel-windows-x86_64 1.0.3 6.00 42.00 48.00 NOTE

Check Details

Version: 1.0.3
Check: LazyData
Result: NOTE 'LazyData' is specified without a 'data' directory Flavors: r-devel-linux-x86_64-debian-clang, r-devel-linux-x86_64-debian-gcc, r-devel-linux-x86_64-fedora-clang, r-devel-linux-x86_64-fedora-gcc, r-devel-windows-x86_64, r-patched-linux-x86_64, r-release-linux-x86_64, r-release-macos-arm64, r-release-windows-x86_64, r-oldrel-macos-arm64, r-oldrel-macos-x86_64, r-oldrel-windows-x86_64