Last updated on 2024-04-24 18:52:32 CEST.
Flavor | Version | Tinstall | Tcheck | Ttotal | Status | Flags |
---|---|---|---|---|---|---|
r-devel-linux-x86_64-debian-clang | 0.4.8 | 265.94 | 107.97 | 373.91 | NOTE | |
r-devel-linux-x86_64-debian-gcc | 0.4.8 | 243.27 | 91.79 | 335.06 | NOTE | |
r-devel-linux-x86_64-fedora-clang | 0.4.8 | 469.48 | NOTE | |||
r-devel-linux-x86_64-fedora-gcc | 0.4.8 | 607.17 | NOTE | |||
r-devel-windows-x86_64 | 0.4.8 | 205.00 | 127.00 | 332.00 | NOTE | |
r-patched-linux-x86_64 | 0.4.8 | 280.87 | 115.54 | 396.41 | NOTE | |
r-release-linux-x86_64 | 0.4.8 | 292.64 | 116.78 | 409.42 | OK | |
r-release-macos-arm64 | 0.4.8 | 124.00 | NOTE | |||
r-release-windows-x86_64 | 0.4.8 | 199.00 | 128.00 | 327.00 | NOTE | |
r-oldrel-macos-arm64 | 0.4.8 | 116.00 | NOTE | |||
r-oldrel-macos-x86_64 | 0.4.8 | 373.00 | NOTE | |||
r-oldrel-windows-x86_64 | 0.4.8 | 264.00 | 160.00 | 424.00 | OK |
Version: 0.4.8
Check: Rd files
Result: NOTE
checkRd: (-1) abess.Rd:260: Lost braces in \itemize; meant \describe ?
checkRd: (-1) abess.Rd:261: Lost braces in \itemize; meant \describe ?
checkRd: (-1) abess.Rd:262: Lost braces in \itemize; meant \describe ?
checkRd: (-1) abess.Rd:263: Lost braces in \itemize; meant \describe ?
checkRd: (-1) coef.abesspca.Rd:16: Lost braces; missing escapes or markup?
16 | This parameter is omitted if {sparse.type = "kpc"}.}
| ^
checkRd: (-1) coef.abesspca.Rd:22: Lost braces; missing escapes or markup?
22 | This parameter is omitted if {sparse.type = "fpc"}.}
| ^
checkRd: (-1) generate.data.Rd:51: Lost braces
51 | code{cortype = 3} denotes the constant structure,
| ^
Flavors: r-devel-linux-x86_64-debian-clang, r-devel-linux-x86_64-debian-gcc, r-devel-linux-x86_64-fedora-clang, r-devel-linux-x86_64-fedora-gcc, r-devel-windows-x86_64, r-patched-linux-x86_64, r-release-windows-x86_64
Version: 0.4.8
Check: installed package size
Result: NOTE
installed size is 88.8Mb
sub-directories of 1Mb or more:
libs 87.8Mb
Flavors: r-release-macos-arm64, r-oldrel-macos-arm64, r-oldrel-macos-x86_64