CRAN Package Check Results for Package abstractr

Last updated on 2022-06-30 17:49:39 CEST.

Flavor Version Tinstall Tcheck Ttotal Status Flags
r-devel-linux-x86_64-debian-clang 0.1.0 6.68 72.86 79.54 NOTE
r-devel-linux-x86_64-debian-gcc 0.1.0 5.41 53.41 58.82 NOTE
r-devel-linux-x86_64-fedora-clang 0.1.0 104.17 NOTE
r-devel-linux-x86_64-fedora-gcc 0.1.0 101.38 NOTE
r-devel-windows-x86_64 0.1.0 15.00 106.00 121.00 NOTE
r-patched-linux-x86_64 0.1.0 5.31 66.79 72.10 NOTE
r-release-linux-x86_64 0.1.0 4.92 66.85 71.77 NOTE
r-release-macos-arm64 0.1.0 33.00 NOTE
r-release-macos-x86_64 0.1.0 54.00 NOTE
r-release-windows-x86_64 0.1.0 18.00 107.00 125.00 NOTE
r-oldrel-macos-arm64 0.1.0 35.00 NOTE
r-oldrel-macos-x86_64 0.1.0 61.00 NOTE
r-oldrel-windows-ix86+x86_64 0.1.0 20.00 93.00 113.00 NOTE

Check Details

Version: 0.1.0
Check: LazyData
Result: NOTE
     'LazyData' is specified without a 'data' directory
Flavors: r-devel-linux-x86_64-debian-clang, r-devel-linux-x86_64-debian-gcc, r-devel-linux-x86_64-fedora-clang, r-devel-linux-x86_64-fedora-gcc, r-devel-windows-x86_64, r-patched-linux-x86_64, r-release-linux-x86_64, r-release-macos-arm64, r-release-macos-x86_64, r-release-windows-x86_64, r-oldrel-macos-arm64, r-oldrel-macos-x86_64, r-oldrel-windows-ix86+x86_64