CRAN Package Check Results for Package accelmissing

Last updated on 2019-07-16 05:48:03 CEST.

Flavor Version Tinstall Tcheck Ttotal Status Flags
r-devel-linux-x86_64-debian-clang 1.4 10.27 99.33 109.60 NOTE
r-devel-linux-x86_64-debian-gcc 1.4 10.36 77.72 88.08 NOTE
r-devel-linux-x86_64-fedora-clang 1.4 129.73 NOTE
r-devel-linux-x86_64-fedora-gcc 1.4 126.54 NOTE
r-devel-windows-ix86+x86_64 1.4 37.00 146.00 183.00 OK
r-patched-linux-x86_64 1.4 12.95 95.03 107.98 OK
r-patched-solaris-x86 1.4 204.50 OK
r-release-linux-x86_64 1.4 11.79 94.80 106.59 OK
r-release-windows-ix86+x86_64 1.4 20.00 108.00 128.00 OK
r-release-osx-x86_64 1.4 OK
r-oldrel-windows-ix86+x86_64 1.4 22.00 102.00 124.00 OK
r-oldrel-osx-x86_64 1.4 OK

Check Details

Version: 1.4
Check: for non-standard things in the check directory
Result: NOTE
    Found the following files/directories:
     'acceldata2.RData'
Flavors: r-devel-linux-x86_64-debian-clang, r-devel-linux-x86_64-debian-gcc, r-devel-linux-x86_64-fedora-clang, r-devel-linux-x86_64-fedora-gcc