CRAN Package Check Results for Package accelmissing

Last updated on 2021-06-25 11:52:19 CEST.

Flavor Version Tinstall Tcheck Ttotal Status Flags
r-devel-linux-x86_64-debian-clang 1.4 6.66 73.26 79.92 NOTE
r-devel-linux-x86_64-debian-gcc 1.4 5.38 55.83 61.21 NOTE
r-devel-linux-x86_64-fedora-clang 1.4 104.93 NOTE
r-devel-linux-x86_64-fedora-gcc 1.4 94.53 NOTE
r-devel-windows-x86_64 1.4 11.00 71.00 82.00 OK
r-devel-windows-x86_64-gcc10-UCRT 1.4 OK
r-patched-linux-x86_64 1.4 13.13 68.95 82.08 NOTE
r-patched-solaris-x86 1.4 131.70 NOTE
r-release-linux-x86_64 1.4 6.97 69.65 76.62 NOTE
r-release-macos-arm64 1.4 OK
r-release-macos-x86_64 1.4 OK
r-release-windows-ix86+x86_64 1.4 12.00 95.00 107.00 OK
r-oldrel-macos-x86_64 1.4 OK
r-oldrel-windows-ix86+x86_64 1.4 17.00 78.00 95.00 OK

Check Details

Version: 1.4
Check: for non-standard things in the check directory
Result: NOTE
    Found the following files/directories:
     'acceldata2.RData'
Flavors: r-devel-linux-x86_64-debian-clang, r-devel-linux-x86_64-debian-gcc, r-devel-linux-x86_64-fedora-clang, r-devel-linux-x86_64-fedora-gcc, r-patched-linux-x86_64, r-patched-solaris-x86, r-release-linux-x86_64