CRAN Package Check Results for Package accrual

Last updated on 2021-05-15 23:49:04 CEST.

Flavor Version Tinstall Tcheck Ttotal Status Flags
r-devel-linux-x86_64-debian-clang 1.3 9.68 78.26 87.94 OK
r-devel-linux-x86_64-debian-gcc 1.3 6.93 61.49 68.42 OK
r-devel-linux-x86_64-fedora-clang 1.3 116.95 OK
r-devel-linux-x86_64-fedora-gcc 1.3 106.44 OK
r-devel-windows-ix86+x86_64 1.3 22.00 76.00 98.00 OK
r-devel-windows-x86_64-gcc10-UCRT 1.3 OK
r-patched-linux-x86_64 1.3 10.07 77.32 87.39 OK
r-patched-solaris-x86 1.3 162.30 OK
r-release-linux-x86_64 1.3 9.01 74.15 83.16 OK
r-release-macos-x86_64 1.3 OK
r-release-windows-ix86+x86_64 1.3 16.00 101.00 117.00 OK
r-oldrel-macos-x86_64 1.3 FAIL
r-oldrel-windows-ix86+x86_64 1.3 13.00 91.00 104.00 OK

Check Details

Version: 1.3
Check: whether package can be installed
Result: FAIL
Flavor: r-oldrel-macos-x86_64