CRAN Package Check Results for Package ace2fastq

Last updated on 2024-05-21 17:49:50 CEST.

Flavor Version Tinstall Tcheck Ttotal Status Flags
r-devel-linux-x86_64-debian-clang 0.6.0 3.09 36.69 39.78 NOTE
r-devel-linux-x86_64-debian-gcc 0.6.0 2.54 28.21 30.75 NOTE
r-devel-linux-x86_64-fedora-clang 0.6.0 51.43 NOTE
r-devel-linux-x86_64-fedora-gcc 0.6.0 61.08 NOTE
r-devel-windows-x86_64 0.6.0 4.00 56.00 60.00 NOTE
r-patched-linux-x86_64 0.6.0 3.74 35.35 39.09 NOTE
r-release-linux-x86_64 0.6.0 3.17 36.00 39.17 NOTE
r-release-macos-arm64 0.6.0 25.00 NOTE
r-release-windows-x86_64 0.6.0 4.00 51.00 55.00 NOTE
r-oldrel-macos-arm64 0.6.0 26.00 NOTE
r-oldrel-macos-x86_64 0.6.0 36.00 NOTE
r-oldrel-windows-x86_64 0.6.0 5.00 54.00 59.00 NOTE

Check Details

Version: 0.6.0
Check: LazyData
Result: NOTE 'LazyData' is specified without a 'data' directory Flavors: r-devel-linux-x86_64-debian-clang, r-devel-linux-x86_64-debian-gcc, r-devel-linux-x86_64-fedora-clang, r-devel-linux-x86_64-fedora-gcc, r-devel-windows-x86_64, r-patched-linux-x86_64, r-release-linux-x86_64, r-release-macos-arm64, r-release-windows-x86_64, r-oldrel-macos-arm64, r-oldrel-macos-x86_64, r-oldrel-windows-x86_64