Last updated on 2024-08-16 11:49:35 CEST.
Flavor | Version | Tinstall | Tcheck | Ttotal | Status | Flags |
---|---|---|---|---|---|---|
r-devel-linux-x86_64-debian-clang | 0.6.0 | 2.71 | 29.35 | 32.06 | NOTE | |
r-devel-linux-x86_64-debian-gcc | 0.6.0 | 1.88 | 23.06 | 24.94 | NOTE | |
r-devel-linux-x86_64-fedora-clang | 0.6.0 | 52.02 | NOTE | |||
r-devel-linux-x86_64-fedora-gcc | 0.6.0 | 61.40 | NOTE | |||
r-devel-windows-x86_64 | 0.6.0 | 4.00 | 50.00 | 54.00 | NOTE | |
r-patched-linux-x86_64 | 0.6.0 | 2.37 | 27.93 | 30.30 | NOTE | |
r-release-linux-x86_64 | 0.6.0 | 2.00 | 28.23 | 30.23 | NOTE | |
r-release-macos-arm64 | 0.6.0 | 25.00 | NOTE | |||
r-release-macos-x86_64 | 0.6.0 | 41.00 | NOTE | |||
r-release-windows-x86_64 | 0.6.0 | 3.00 | 48.00 | 51.00 | NOTE | |
r-oldrel-macos-arm64 | 0.6.0 | 26.00 | NOTE | |||
r-oldrel-macos-x86_64 | 0.6.0 | 36.00 | NOTE | |||
r-oldrel-windows-x86_64 | 0.6.0 | 5.00 | 53.00 | 58.00 | NOTE |
Version: 0.6.0
Check: LazyData
Result: NOTE
'LazyData' is specified without a 'data' directory
Flavors: r-devel-linux-x86_64-debian-clang, r-devel-linux-x86_64-debian-gcc, r-devel-linux-x86_64-fedora-clang, r-devel-linux-x86_64-fedora-gcc, r-devel-windows-x86_64, r-patched-linux-x86_64, r-release-linux-x86_64, r-release-macos-arm64, r-release-macos-x86_64, r-release-windows-x86_64, r-oldrel-macos-arm64, r-oldrel-macos-x86_64, r-oldrel-windows-x86_64