Last updated on 2024-08-16 11:49:35 CEST.
Flavor | Version | Tinstall | Tcheck | Ttotal | Status | Flags |
---|---|---|---|---|---|---|
r-devel-linux-x86_64-debian-clang | 1.10 | 30.42 | 51.06 | 81.48 | NOTE | |
r-devel-linux-x86_64-debian-gcc | 1.10 | 18.11 | 37.34 | 55.45 | NOTE | |
r-devel-linux-x86_64-fedora-clang | 1.10 | 142.11 | NOTE | |||
r-devel-linux-x86_64-fedora-gcc | 1.10 | 127.06 | NOTE | |||
r-devel-windows-x86_64 | 1.10 | 28.00 | 91.00 | 119.00 | NOTE | |
r-patched-linux-x86_64 | 1.10 | 25.92 | 48.12 | 74.04 | NOTE | |
r-release-linux-x86_64 | 1.10 | 23.88 | 47.92 | 71.80 | NOTE | |
r-release-macos-arm64 | 1.10 | 38.00 | NOTE | |||
r-release-macos-x86_64 | 1.10 | 76.00 | NOTE | |||
r-release-windows-x86_64 | 1.10 | 28.00 | 88.00 | 116.00 | NOTE | |
r-oldrel-macos-arm64 | 1.10 | 41.00 | NOTE | |||
r-oldrel-macos-x86_64 | 1.10 | 65.00 | NOTE | |||
r-oldrel-windows-x86_64 | 1.10 | 34.00 | 106.00 | 140.00 | NOTE |
Version: 1.10
Check: C++ specification
Result: NOTE
Specified C++11: please drop specification unless essential
Flavors: r-devel-linux-x86_64-debian-clang, r-devel-linux-x86_64-debian-gcc, r-devel-linux-x86_64-fedora-clang, r-devel-linux-x86_64-fedora-gcc, r-devel-windows-x86_64, r-patched-linux-x86_64, r-release-linux-x86_64, r-release-macos-arm64, r-release-macos-x86_64, r-release-windows-x86_64, r-oldrel-macos-arm64, r-oldrel-macos-x86_64, r-oldrel-windows-x86_64
Version: 1.10
Check: Rd files
Result: NOTE
checkRd: (-1) overstallwoods.Rd:184-185: Lost braces in \itemize; \value handles \item{}{} directly
checkRd: (-1) overstallwoods.Rd:186-187: Lost braces in \itemize; \value handles \item{}{} directly
checkRd: (-1) overstallwoods.Rd:188-189: Lost braces in \itemize; \value handles \item{}{} directly
checkRd: (-1) overstallwoods.Rd:190-191: Lost braces in \itemize; \value handles \item{}{} directly
Flavors: r-devel-linux-x86_64-debian-clang, r-devel-linux-x86_64-debian-gcc, r-devel-linux-x86_64-fedora-clang, r-devel-linux-x86_64-fedora-gcc, r-devel-windows-x86_64, r-patched-linux-x86_64, r-release-linux-x86_64, r-release-macos-arm64, r-release-macos-x86_64, r-release-windows-x86_64