Last updated on 2024-05-13 05:52:24 CEST.
Flavor | Version | Tinstall | Tcheck | Ttotal | Status | Flags |
---|---|---|---|---|---|---|
r-devel-linux-x86_64-debian-clang | 2.1.4 | 11.58 | 65.18 | 76.76 | OK | |
r-devel-linux-x86_64-debian-gcc | 2.1.4 | 8.82 | 47.55 | 56.37 | OK | |
r-devel-linux-x86_64-fedora-clang | 2.1.4 | 93.81 | NOTE | |||
r-devel-linux-x86_64-fedora-gcc | 2.1.4 | 137.96 | NOTE | |||
r-devel-windows-x86_64 | 2.1.4 | 11.00 | 69.00 | 80.00 | OK | |
r-patched-linux-x86_64 | 2.1.4 | 12.42 | 61.03 | 73.45 | OK | |
r-release-linux-x86_64 | 2.1.4 | 12.53 | 60.17 | 72.70 | OK | |
r-release-macos-arm64 | 2.1.4 | 29.00 | OK | |||
r-release-windows-x86_64 | 2.1.4 | 10.00 | 70.00 | 80.00 | OK | |
r-oldrel-macos-arm64 | 2.1.4 | 33.00 | OK | |||
r-oldrel-macos-x86_64 | 2.1.4 | 50.00 | OK | |||
r-oldrel-windows-x86_64 | 2.1.4 | 14.00 | 76.00 | 90.00 | OK |
Version: 2.1.4
Check: top-level files
Result: NOTE
‘configure’: /bin/bash is not portable
Flavors: r-devel-linux-x86_64-fedora-clang, r-devel-linux-x86_64-fedora-gcc