CRAN Package Check Results for Package acs

Last updated on 2021-06-25 05:51:41 CEST.

Flavor Version Tinstall Tcheck Ttotal Status Flags
r-devel-linux-x86_64-debian-clang 2.1.4 11.00 54.24 65.24 OK
r-devel-linux-x86_64-debian-gcc 2.1.4 7.45 41.73 49.18 OK
r-devel-linux-x86_64-fedora-clang 2.1.4 86.54 NOTE
r-devel-linux-x86_64-fedora-gcc 2.1.4 76.27 NOTE
r-devel-windows-x86_64 2.1.4 17.00 59.00 76.00 OK
r-devel-windows-x86_64-gcc10-UCRT 2.1.4 OK
r-patched-linux-x86_64 2.1.4 9.78 52.98 62.76 OK
r-patched-solaris-x86 2.1.4 108.80 OK
r-release-linux-x86_64 2.1.4 10.42 52.24 62.66 OK
r-release-macos-arm64 2.1.4 OK
r-release-macos-x86_64 2.1.4 OK
r-release-windows-ix86+x86_64 2.1.4 16.00 75.00 91.00 OK
r-oldrel-macos-x86_64 2.1.4 OK
r-oldrel-windows-ix86+x86_64 2.1.4 19.00 76.00 95.00 OK

Check Details

Version: 2.1.4
Check: top-level files
Result: NOTE
    ‘configure’: /bin/bash is not portable
Flavors: r-devel-linux-x86_64-fedora-clang, r-devel-linux-x86_64-fedora-gcc