Last updated on 2021-01-18 11:47:16 CET.
Flavor | Version | Tinstall | Tcheck | Ttotal | Status | Flags |
---|---|---|---|---|---|---|
r-devel-linux-x86_64-debian-clang | 2.1.4 | 9.66 | 53.26 | 62.92 | OK | |
r-devel-linux-x86_64-debian-gcc | 2.1.4 | 7.75 | 40.94 | 48.69 | OK | |
r-devel-linux-x86_64-fedora-clang | 2.1.4 | 85.72 | NOTE | |||
r-devel-linux-x86_64-fedora-gcc | 2.1.4 | 74.98 | NOTE | |||
r-devel-windows-ix86+x86_64 | 2.1.4 | 15.00 | 56.00 | 71.00 | OK | |
r-patched-linux-x86_64 | 2.1.4 | 10.09 | 50.33 | 60.42 | OK | |
r-patched-solaris-x86 | 2.1.4 | 106.70 | OK | |||
r-release-linux-x86_64 | 2.1.4 | 8.47 | 50.56 | 59.03 | OK | |
r-release-macos-x86_64 | 2.1.4 | OK | ||||
r-release-windows-ix86+x86_64 | 2.1.4 | 19.00 | 54.00 | 73.00 | OK | |
r-oldrel-macos-x86_64 | 2.1.4 | OK | ||||
r-oldrel-windows-ix86+x86_64 | 2.1.4 | 16.00 | 57.00 | 73.00 | OK |
Version: 2.1.4
Check: top-level files
Result: NOTE
‘configure’: /bin/bash is not portable
Flavors: r-devel-linux-x86_64-fedora-clang, r-devel-linux-x86_64-fedora-gcc