Last updated on 2023-02-04 11:51:25 CET.
Flavor | Version | Tinstall | Tcheck | Ttotal | Status | Flags |
---|---|---|---|---|---|---|
r-devel-linux-x86_64-debian-clang | 1.1.9 | 16.44 | 91.59 | 108.03 | OK | |
r-devel-linux-x86_64-debian-gcc | 1.1.9 | 11.55 | 65.48 | 77.03 | OK | |
r-devel-linux-x86_64-fedora-clang | 1.1.9 | 129.68 | NOTE | |||
r-devel-linux-x86_64-fedora-gcc | 1.1.9 | 135.57 | NOTE | |||
r-devel-windows-x86_64 | 1.1.9 | 106.00 | 141.00 | 247.00 | OK | |
r-patched-linux-x86_64 | 1.1.9 | 13.93 | 82.27 | 96.20 | OK | |
r-release-linux-x86_64 | 1.1.9 | 12.24 | 83.62 | 95.86 | OK | |
r-release-macos-arm64 | 1.1.9 | 38.00 | NOTE | |||
r-release-macos-x86_64 | 1.1.9 | 50.00 | NOTE | |||
r-release-windows-x86_64 | 1.1.9 | 89.00 | 131.00 | 220.00 | OK | |
r-oldrel-macos-arm64 | 1.1.9 | 37.00 | NOTE | |||
r-oldrel-macos-x86_64 | 1.1.9 | 50.00 | NOTE | |||
r-oldrel-windows-ix86+x86_64 | 1.1.9 | 29.00 | 126.00 | 155.00 | OK |
Version: 1.1.9
Check: data for non-ASCII characters
Result: NOTE
Note: found 305 marked UTF-8 strings
Flavors: r-devel-linux-x86_64-fedora-clang, r-devel-linux-x86_64-fedora-gcc, r-release-macos-arm64, r-release-macos-x86_64, r-oldrel-macos-arm64, r-oldrel-macos-x86_64