CRAN Package Check Results for Package activPAL

Last updated on 2021-06-15 23:51:07 CEST.

Flavor Version Tinstall Tcheck Ttotal Status Flags
r-devel-linux-x86_64-debian-clang 0.1.3 9.15 98.66 107.81 NOTE
r-devel-linux-x86_64-debian-gcc 0.1.3 7.14 71.42 78.56 NOTE
r-devel-linux-x86_64-fedora-clang 0.1.3 133.49 NOTE
r-devel-linux-x86_64-fedora-gcc 0.1.3 125.59 NOTE
r-devel-windows-x86_64 0.1.3 16.00 117.00 133.00 NOTE
r-devel-windows-x86_64-gcc10-UCRT 0.1.3 NOTE
r-patched-linux-x86_64 0.1.3 8.45 91.64 100.09 NOTE
r-patched-solaris-x86 0.1.3 169.70 NOTE
r-release-linux-x86_64 0.1.3 9.84 91.93 101.77 NOTE
r-release-macos-arm64 0.1.3 NOTE
r-release-macos-x86_64 0.1.3 NOTE
r-release-windows-ix86+x86_64 0.1.3 22.00 119.00 141.00 NOTE
r-oldrel-macos-x86_64 0.1.3 OK
r-oldrel-windows-ix86+x86_64 0.1.3 24.00 118.00 142.00 OK

Check Details

Version: 0.1.3
Check: LazyData
Result: NOTE
     'LazyData' is specified without a 'data' directory
Flavors: r-devel-linux-x86_64-debian-clang, r-devel-linux-x86_64-debian-gcc, r-devel-linux-x86_64-fedora-clang, r-devel-linux-x86_64-fedora-gcc, r-devel-windows-x86_64, r-devel-windows-x86_64-gcc10-UCRT, r-patched-linux-x86_64, r-patched-solaris-x86, r-release-linux-x86_64, r-release-macos-arm64, r-release-macos-x86_64, r-release-windows-ix86+x86_64