CRAN Package Check Results for Package activityCounts

Last updated on 2020-10-25 11:50:25 CET.

Flavor Version Tinstall Tcheck Ttotal Status Flags
r-devel-linux-x86_64-debian-clang 0.1.2 7.49 56.71 64.20 OK
r-devel-linux-x86_64-debian-gcc 0.1.2 6.03 42.41 48.44 OK
r-devel-linux-x86_64-fedora-clang 0.1.2 84.93 OK
r-devel-linux-x86_64-fedora-gcc 0.1.2 75.39 OK
r-devel-windows-ix86+x86_64 0.1.2 15.00 76.00 91.00 OK
r-patched-linux-x86_64 0.1.2 6.54 52.12 58.66 OK
r-patched-solaris-x86 0.1.2 109.40 OK
r-release-linux-x86_64 0.1.2 6.62 52.45 59.07 OK
r-release-macos-x86_64 0.1.2 NOTE
r-release-windows-ix86+x86_64 0.1.2 12.00 58.00 70.00 OK
r-oldrel-macos-x86_64 0.1.2 OK
r-oldrel-windows-ix86+x86_64 0.1.2 13.00 73.00 86.00 OK

Check Details

Version: 0.1.2
Check: package dependencies
Result: NOTE
    Package suggested but not available for checking: ‘rmarkdown’
Flavor: r-release-macos-x86_64