CRAN Package Check Results for Package actogrammr

Last updated on 2021-06-25 11:52:19 CEST.

Flavor Version Tinstall Tcheck Ttotal Status Flags
r-devel-linux-x86_64-debian-clang 0.2.3 4.38 122.31 126.69 NOTE
r-devel-linux-x86_64-debian-gcc 0.2.3 3.05 87.45 90.50 NOTE
r-devel-linux-x86_64-fedora-clang 0.2.3 159.71 NOTE
r-devel-linux-x86_64-fedora-gcc 0.2.3 149.97 NOTE
r-devel-windows-x86_64 0.2.3 8.00 109.00 117.00 NOTE
r-devel-windows-x86_64-gcc10-UCRT 0.2.3 NOTE
r-patched-linux-x86_64 0.2.3 3.60 115.43 119.03 NOTE
r-patched-solaris-x86 0.2.3 224.10 NOTE
r-release-linux-x86_64 0.2.3 4.03 115.70 119.73 NOTE
r-release-macos-arm64 0.2.3 NOTE
r-release-macos-x86_64 0.2.3 NOTE
r-release-windows-ix86+x86_64 0.2.3 8.00 114.00 122.00 NOTE
r-oldrel-macos-x86_64 0.2.3 OK
r-oldrel-windows-ix86+x86_64 0.2.3 11.00 127.00 138.00 OK

Check Details

Version: 0.2.3
Check: LazyData
Result: NOTE
     'LazyData' is specified without a 'data' directory
Flavors: r-devel-linux-x86_64-debian-clang, r-devel-linux-x86_64-debian-gcc, r-devel-linux-x86_64-fedora-clang, r-devel-linux-x86_64-fedora-gcc, r-devel-windows-x86_64, r-devel-windows-x86_64-gcc10-UCRT, r-patched-linux-x86_64, r-patched-solaris-x86, r-release-linux-x86_64, r-release-macos-arm64, r-release-macos-x86_64, r-release-windows-ix86+x86_64

Version: 0.2.3
Check: package dependencies
Result: NOTE
    Package suggested but not available for checking: ‘testthat’
Flavor: r-release-macos-x86_64