Last updated on 2024-05-05 11:53:30 CEST.
Flavor | Version | Tinstall | Tcheck | Ttotal | Status | Flags |
---|---|---|---|---|---|---|
r-devel-linux-x86_64-debian-clang | 1.1.1 | 3.13 | 35.80 | 38.93 | NOTE | |
r-devel-linux-x86_64-debian-gcc | 1.1.1 | 2.43 | 27.85 | 30.28 | NOTE | |
r-devel-linux-x86_64-fedora-clang | 1.1.1 | 51.30 | NOTE | |||
r-devel-linux-x86_64-fedora-gcc | 1.1.1 | 62.84 | NOTE | |||
r-devel-windows-x86_64 | 1.1.1 | 4.00 | 52.00 | 56.00 | NOTE | |
r-patched-linux-x86_64 | 1.1.1 | 3.47 | 36.09 | 39.56 | NOTE | |
r-release-linux-x86_64 | 1.1.1 | 3.20 | 34.75 | 37.95 | NOTE | |
r-release-macos-arm64 | 1.1.1 | 26.00 | NOTE | |||
r-release-windows-x86_64 | 1.1.1 | 5.00 | 52.00 | 57.00 | NOTE | |
r-oldrel-macos-arm64 | 1.1.1 | 26.00 | NOTE | |||
r-oldrel-macos-x86_64 | 1.1.1 | 36.00 | NOTE | |||
r-oldrel-windows-x86_64 | 1.1.1 | 6.00 | 55.00 | 61.00 | NOTE |
Version: 1.1.1
Check: LazyData
Result: NOTE
'LazyData' is specified without a 'data' directory
Flavors: r-devel-linux-x86_64-debian-clang, r-devel-linux-x86_64-debian-gcc, r-devel-linux-x86_64-fedora-clang, r-devel-linux-x86_64-fedora-gcc, r-devel-windows-x86_64, r-patched-linux-x86_64, r-release-linux-x86_64, r-release-macos-arm64, r-release-windows-x86_64, r-oldrel-macos-arm64, r-oldrel-macos-x86_64, r-oldrel-windows-x86_64