CRAN Package Check Results for Package adamethods

Last updated on 2021-06-15 23:51:07 CEST.

Flavor Version Tinstall Tcheck Ttotal Status Flags
r-devel-linux-x86_64-debian-clang 1.2.1 17.00 150.69 167.69 NOTE
r-devel-linux-x86_64-debian-gcc 1.2.1 16.00 112.35 128.35 NOTE
r-devel-linux-x86_64-fedora-clang 1.2.1 155.06 NOTE
r-devel-linux-x86_64-fedora-gcc 1.2.1 206.37 NOTE
r-devel-windows-x86_64 1.2.1 29.00 180.00 209.00 NOTE
r-devel-windows-x86_64-gcc10-UCRT 1.2.1 NOTE
r-patched-linux-x86_64 1.2.1 18.04 140.87 158.91 NOTE
r-patched-solaris-x86 1.2.1 268.10 NOTE
r-release-linux-x86_64 1.2.1 16.98 141.09 158.07 NOTE
r-release-macos-arm64 1.2.1 NOTE
r-release-macos-x86_64 1.2.1 NOTE
r-release-windows-ix86+x86_64 1.2.1 41.00 178.00 219.00 NOTE
r-oldrel-macos-x86_64 1.2.1 OK
r-oldrel-windows-ix86+x86_64 1.2.1 44.00 180.00 224.00 OK

Check Details

Version: 1.2.1
Check: LazyData
Result: NOTE
     'LazyData' is specified without a 'data' directory
Flavors: r-devel-linux-x86_64-debian-clang, r-devel-linux-x86_64-debian-gcc, r-devel-linux-x86_64-fedora-clang, r-devel-linux-x86_64-fedora-gcc, r-devel-windows-x86_64, r-devel-windows-x86_64-gcc10-UCRT, r-patched-linux-x86_64, r-patched-solaris-x86, r-release-linux-x86_64, r-release-macos-arm64, r-release-macos-x86_64, r-release-windows-ix86+x86_64