CRAN Package Check Results for Package adana

Last updated on 2024-05-29 06:56:54 CEST.

Flavor Version Tinstall Tcheck Ttotal Status Flags
r-devel-linux-x86_64-debian-clang 1.1.0 10.32 86.26 96.58 NOTE
r-devel-linux-x86_64-debian-gcc 1.1.0 6.68 64.67 71.35 NOTE
r-devel-linux-x86_64-fedora-clang 1.1.0 119.10 NOTE
r-devel-linux-x86_64-fedora-gcc 1.1.0 110.78 NOTE
r-devel-windows-x86_64 1.1.0 10.00 113.00 123.00 NOTE
r-patched-linux-x86_64 1.1.0 12.61 84.45 97.06 NOTE
r-release-linux-x86_64 1.1.0 5.95 84.04 89.99 NOTE
r-release-macos-arm64 1.1.0 33.00 NOTE
r-release-windows-x86_64 1.1.0 10.00 114.00 124.00 NOTE
r-oldrel-macos-arm64 1.1.0 34.00 OK
r-oldrel-macos-x86_64 1.1.0 57.00 OK
r-oldrel-windows-x86_64 1.1.0 12.00 129.00 141.00 OK

Check Details

Version: 1.1.0
Check: Rd files
Result: NOTE checkRd: (-1) adana.Rd:25: Lost braces; missing escapes or markup? 25 | \item{gatype}{Type of GA. \itemize{\item{"gga": generational GA} \item{"ssga": steady state GA} } {Default value is "gga"}} | ^ checkRd: (-1) adana.Rd:26: Lost braces; missing escapes or markup? 26 | \item{objective}{Type of optimization. \itemize{\item{"min": minimization} \item{"max": maximization} } {Default value is "max"}} | ^ checkRd: (-1) adana.Rd:34: Lost braces; missing escapes or markup? 34 | {Default value is "initbin"}} | ^ checkRd: (-1) adana.Rd:56: Lost braces; missing escapes or markup? 56 | \itemize{\item{"integer"} \item{"real"} } {Default value is "real"}} | ^ checkRd: (-1) adana.Rd:185: Lost braces; missing escapes or markup? 185 | {Default value is "w"} | ^ Flavors: r-devel-linux-x86_64-debian-clang, r-devel-linux-x86_64-debian-gcc, r-devel-linux-x86_64-fedora-clang, r-devel-linux-x86_64-fedora-gcc, r-devel-windows-x86_64, r-patched-linux-x86_64, r-release-linux-x86_64, r-release-macos-arm64, r-release-windows-x86_64