CRAN Package Check Results for Package adaptMCMC

Last updated on 2021-06-25 11:52:19 CEST.

Flavor Version Tinstall Tcheck Ttotal Status Flags
r-devel-linux-x86_64-debian-clang 1.4 7.14 60.01 67.15 OK
r-devel-linux-x86_64-debian-gcc 1.4 5.97 45.91 51.88 OK
r-devel-linux-x86_64-fedora-clang 1.4 87.91 NOTE
r-devel-linux-x86_64-fedora-gcc 1.4 78.06 OK
r-devel-windows-x86_64 1.4 10.00 60.00 70.00 OK
r-devel-windows-x86_64-gcc10-UCRT 1.4 OK
r-patched-linux-x86_64 1.4 6.56 57.15 63.71 OK
r-patched-solaris-x86 1.4 127.50 OK
r-release-linux-x86_64 1.4 6.34 57.59 63.93 OK
r-release-macos-arm64 1.4 OK
r-release-macos-x86_64 1.4 OK
r-release-windows-ix86+x86_64 1.4 15.00 82.00 97.00 OK
r-oldrel-macos-x86_64 1.4 OK
r-oldrel-windows-ix86+x86_64 1.4 16.00 89.00 105.00 OK

Check Details

Version: 1.4
Check: Rd cross-references
Result: NOTE
    Undeclared packages ‘HI’, ‘MHadaptive’ in Rd xrefs
Flavor: r-devel-linux-x86_64-fedora-clang