CRAN Package Check Results for Package adaptMT

Last updated on 2021-01-16 11:47:39 CET.

Flavor Version Tinstall Tcheck Ttotal Status Flags
r-devel-linux-x86_64-debian-clang 1.0.0 3.53 271.87 275.40 OK
r-devel-linux-x86_64-debian-gcc 1.0.0 2.99 198.17 201.16 OK
r-devel-linux-x86_64-fedora-clang 1.0.0 330.20 OK
r-devel-linux-x86_64-fedora-gcc 1.0.0 322.37 OK
r-devel-windows-ix86+x86_64 1.0.0 6.00 271.00 277.00 OK
r-patched-linux-x86_64 1.0.0 3.32 263.98 267.30 WARN
r-patched-solaris-x86 1.0.0 603.80 WARN
r-release-linux-x86_64 1.0.0 3.50 261.56 265.06 WARN
r-release-macos-x86_64 1.0.0 OK
r-release-windows-ix86+x86_64 1.0.0 7.00 305.00 312.00 WARN
r-oldrel-macos-x86_64 1.0.0 WARN
r-oldrel-windows-ix86+x86_64 1.0.0 6.00 290.00 296.00 OK

Check Details

Version: 1.0.0
Check: data for ASCII and uncompressed saves
Result: WARN
    
     Note: significantly better compression could be obtained
     by using R CMD build --resave-data
     old_size new_size compress
     estrogen.RData 339Kb 241Kb xz
Flavors: r-patched-linux-x86_64, r-patched-solaris-x86, r-release-linux-x86_64, r-release-windows-ix86+x86_64

Version: 1.0.0
Check: re-building of vignette outputs
Result: WARN
    Error(s) in re-building vignettes:
     ...
    --- re-building ‘adapt_demo.Rmd’ using rmarkdown
    Warning in engine$weave(file, quiet = quiet, encoding = enc) :
     Pandoc (>= 1.12.3) and/or pandoc-citeproc not available. Falling back to R Markdown v1.
    Error: processing vignette 'adapt_demo.Rmd' failed with diagnostics:
    there is no package called 'stringi'
    --- failed re-building ‘adapt_demo.Rmd’
    
    SUMMARY: processing the following file failed:
     ‘adapt_demo.Rmd’
    
    Error: Vignette re-building failed.
    Execution halted
Flavor: r-oldrel-macos-x86_64