CRAN Package Check Results for Package adaptiveGPCA

Last updated on 2021-06-25 05:51:41 CEST.

Flavor Version Tinstall Tcheck Ttotal Status Flags
r-devel-linux-x86_64-debian-clang 0.1.2 30.04 283.39 313.43 OK
r-devel-linux-x86_64-debian-gcc 0.1.2 24.17 210.38 234.55 OK
r-devel-linux-x86_64-fedora-clang 0.1.2 375.61 OK
r-devel-linux-x86_64-fedora-gcc 0.1.2 360.74 OK
r-devel-windows-x86_64 0.1.2 40.00 225.00 265.00 OK
r-devel-windows-x86_64-gcc10-UCRT 0.1.2 ERROR
r-patched-linux-x86_64 0.1.2 25.93 265.80 291.73 OK
r-patched-solaris-x86 0.1.2 571.00 OK
r-release-linux-x86_64 0.1.2 25.34 267.91 293.25 OK
r-release-macos-arm64 0.1.2 ERROR
r-release-macos-x86_64 0.1.2 OK
r-release-windows-ix86+x86_64 0.1.2 41.00 307.00 348.00 OK
r-oldrel-macos-x86_64 0.1.2 OK
r-oldrel-windows-ix86+x86_64 0.1.2 60.00 259.00 319.00 OK

Check Details

Version: 0.1.2
Check: package dependencies
Result: ERROR
    Package required but not available: 'phyloseq'
    
    See section 'The DESCRIPTION file' in the 'Writing R Extensions'
    manual.
Flavors: r-devel-windows-x86_64-gcc10-UCRT, r-release-macos-arm64