CRAN Package Check Results for Package add2ggplot

Last updated on 2023-04-01 11:51:20 CEST.

Flavor Version Tinstall Tcheck Ttotal Status Flags
r-devel-linux-x86_64-debian-clang 0.3.0 5.74 55.99 61.73 NOTE
r-devel-linux-x86_64-debian-gcc 0.3.0 4.25 42.69 46.94 NOTE
r-devel-linux-x86_64-fedora-clang 0.3.0 79.26 NOTE
r-devel-linux-x86_64-fedora-gcc 0.3.0 82.50 NOTE
r-devel-windows-x86_64 0.3.0 11.00 82.00 93.00 NOTE
r-patched-linux-x86_64 0.3.0 5.67 52.77 58.44 NOTE
r-release-linux-x86_64 0.3.0 4.59 53.23 57.82 NOTE
r-release-macos-arm64 0.3.0 27.00 NOTE
r-release-macos-x86_64 0.3.0 40.00 NOTE
r-release-windows-x86_64 0.3.0 41.00 102.00 143.00 NOTE
r-oldrel-macos-arm64 0.3.0 40.00 NOTE
r-oldrel-macos-x86_64 0.3.0 44.00 NOTE
r-oldrel-windows-ix86+x86_64 0.3.0 16.00 82.00 98.00 NOTE

Check Details

Version: 0.3.0
Check: LazyData
Result: NOTE
     'LazyData' is specified without a 'data' directory
Flavors: r-devel-linux-x86_64-debian-clang, r-devel-linux-x86_64-debian-gcc, r-devel-linux-x86_64-fedora-clang, r-devel-linux-x86_64-fedora-gcc, r-devel-windows-x86_64, r-patched-linux-x86_64, r-release-linux-x86_64, r-release-macos-arm64, r-release-macos-x86_64, r-release-windows-x86_64, r-oldrel-macos-arm64, r-oldrel-macos-x86_64, r-oldrel-windows-ix86+x86_64