Last updated on 2024-04-23 17:49:25 CEST.
Flavor | Version | Tinstall | Tcheck | Ttotal | Status | Flags |
---|---|---|---|---|---|---|
r-devel-linux-x86_64-debian-clang | 0.0.5 | 10.36 | 120.52 | 130.88 | NOTE | |
r-devel-linux-x86_64-debian-gcc | 0.0.5 | 9.65 | 91.04 | 100.69 | NOTE | |
r-devel-linux-x86_64-fedora-clang | 0.0.5 | 172.43 | NOTE | |||
r-devel-linux-x86_64-fedora-gcc | 0.0.5 | 179.40 | NOTE | |||
r-prerel-macos-arm64 | 0.0.5 | 56.00 | NOTE | |||
r-prerel-windows-x86_64 | 0.0.5 | 10.00 | 108.00 | 118.00 | NOTE | |
r-patched-linux-x86_64 | 0.0.5 | 10.44 | 118.02 | 128.46 | NOTE | |
r-release-linux-x86_64 | 0.0.5 | 7.91 | 120.54 | 128.45 | OK | |
r-release-macos-arm64 | 0.0.5 | 62.00 | OK | |||
r-release-macos-x86_64 | 0.0.5 | 105.00 | OK | |||
r-release-windows-x86_64 | 0.0.5 | 14.00 | 129.00 | 143.00 | OK | |
r-oldrel-macos-arm64 | 0.0.5 | 51.00 | OK | |||
r-oldrel-windows-x86_64 | 0.0.5 | 15.00 | 132.00 | 147.00 | OK |
Version: 0.0.5
Check: Rd files
Result: NOTE
checkRd: (-1) additive.Rd:140: Lost braces
140 | \item{gamma}{Increase this beyond 1 to produce smoother models. \code{gamma} multiplies the effective degrees of freedom in the GCV or UBRE/AIC. code{n/gamma} can be viewed as an effective sample size in the GCV score, and this also enables it to be used with REML/ML. Ignored with P-RE/ML or the \code{efs} optimizer. }
| ^
Flavors: r-devel-linux-x86_64-debian-clang, r-devel-linux-x86_64-debian-gcc, r-devel-linux-x86_64-fedora-clang, r-devel-linux-x86_64-fedora-gcc, r-prerel-macos-arm64, r-prerel-windows-x86_64, r-patched-linux-x86_64