CRAN Package Check Results for Package additiveDEA

Last updated on 2022-01-24 05:51:41 CET.

Flavor Version Tinstall Tcheck Ttotal Status Flags
r-devel-linux-x86_64-debian-clang 1.1 3.33 39.54 42.87 OK
r-devel-linux-x86_64-debian-gcc 1.1 2.38 30.10 32.48 OK
r-devel-linux-x86_64-fedora-clang 1.1 52.20 NOTE
r-devel-linux-x86_64-fedora-gcc 1.1 40.96 NOTE
r-devel-windows-x86_64-new-UL 1.1 19.00 59.00 78.00 OK
r-devel-windows-x86_64-new-TK 1.1 NOTE
r-patched-linux-x86_64 1.1 2.27 39.05 41.32 OK
r-release-linux-x86_64 1.1 3.13 38.54 41.67 OK
r-release-macos-arm64 1.1 NOTE
r-release-macos-x86_64 1.1 NOTE
r-release-windows-ix86+x86_64 1.1 6.00 47.00 53.00 OK
r-oldrel-macos-x86_64 1.1 NOTE
r-oldrel-windows-ix86+x86_64 1.1 6.00 47.00 53.00 OK

Check Details

Version: 1.1
Check: dependencies in R code
Result: NOTE
    Namespace in Imports field not imported from: ‘Benchmarking’
     All declared Imports should be used.
Flavors: r-devel-linux-x86_64-fedora-clang, r-devel-linux-x86_64-fedora-gcc, r-devel-windows-x86_64-new-TK, r-release-macos-arm64, r-release-macos-x86_64, r-oldrel-macos-x86_64