CRAN Package Check Results for Package addreg

Last updated on 2021-06-25 11:52:19 CEST.

Flavor Version Tinstall Tcheck Ttotal Status Flags
r-devel-linux-x86_64-debian-clang 3.0 10.54 99.44 109.98 NOTE
r-devel-linux-x86_64-debian-gcc 3.0 10.13 74.91 85.04 NOTE
r-devel-linux-x86_64-fedora-clang 3.0 141.76 NOTE
r-devel-linux-x86_64-fedora-gcc 3.0 131.74 NOTE
r-devel-windows-x86_64 3.0 18.00 93.00 111.00 NOTE
r-devel-windows-x86_64-gcc10-UCRT 3.0 NOTE
r-patched-linux-x86_64 3.0 11.73 94.17 105.90 NOTE
r-patched-solaris-x86 3.0 178.70 NOTE
r-release-linux-x86_64 3.0 11.11 94.98 106.09 NOTE
r-release-macos-arm64 3.0 NOTE
r-release-macos-x86_64 3.0 NOTE
r-release-windows-ix86+x86_64 3.0 18.00 121.00 139.00 NOTE
r-oldrel-macos-x86_64 3.0 OK
r-oldrel-windows-ix86+x86_64 3.0 25.00 123.00 148.00 OK

Check Details

Version: 3.0
Check: LazyData
Result: NOTE
     'LazyData' is specified without a 'data' directory
Flavors: r-devel-linux-x86_64-debian-clang, r-devel-linux-x86_64-debian-gcc, r-devel-linux-x86_64-fedora-clang, r-devel-linux-x86_64-fedora-gcc, r-devel-windows-x86_64, r-devel-windows-x86_64-gcc10-UCRT, r-patched-linux-x86_64, r-patched-solaris-x86, r-release-linux-x86_64, r-release-macos-arm64, r-release-macos-x86_64, r-release-windows-ix86+x86_64