Last updated on 2023-06-07 12:00:28 CEST.
Flavor | Version | Tinstall | Tcheck | Ttotal | Status | Flags |
---|---|---|---|---|---|---|
r-devel-linux-x86_64-debian-clang | 3.0 | 13.73 | 108.04 | 121.77 | NOTE | |
r-devel-linux-x86_64-debian-gcc | 3.0 | 10.14 | 83.69 | 93.83 | NOTE | |
r-devel-linux-x86_64-fedora-clang | 3.0 | 152.70 | NOTE | |||
r-devel-linux-x86_64-fedora-gcc | 3.0 | 143.52 | NOTE | |||
r-devel-windows-x86_64 | 3.0 | 12.00 | 102.00 | 114.00 | NOTE | |
r-patched-linux-x86_64 | 3.0 | 12.43 | 104.74 | 117.17 | NOTE | |
r-release-linux-x86_64 | 3.0 | 10.93 | 105.97 | 116.90 | NOTE | |
r-release-macos-arm64 | 3.0 | 46.00 | NOTE | |||
r-release-macos-x86_64 | 3.0 | 72.00 | NOTE | |||
r-release-windows-x86_64 | 3.0 | 15.00 | 119.00 | 134.00 | NOTE | |
r-oldrel-macos-arm64 | 3.0 | 53.00 | NOTE | |||
r-oldrel-macos-x86_64 | 3.0 | 56.00 | NOTE | |||
r-oldrel-windows-x86_64 | 3.0 | 15.00 | 122.00 | 137.00 | NOTE |
Version: 3.0
Check: LazyData
Result: NOTE
'LazyData' is specified without a 'data' directory
Flavors: r-devel-linux-x86_64-debian-clang, r-devel-linux-x86_64-debian-gcc, r-devel-linux-x86_64-fedora-clang, r-devel-linux-x86_64-fedora-gcc, r-devel-windows-x86_64, r-patched-linux-x86_64, r-release-linux-x86_64, r-release-macos-arm64, r-release-macos-x86_64, r-release-windows-x86_64, r-oldrel-macos-arm64, r-oldrel-macos-x86_64, r-oldrel-windows-x86_64