CRAN Package Check Results for Package ade4

Last updated on 2018-02-20 23:49:53 CET.

Flavor Version Tinstall Tcheck Ttotal Status Flags
r-devel-linux-x86_64-debian-clang 1.7-10 41.99 247.69 289.68 OK
r-devel-linux-x86_64-debian-gcc 1.7-10 26.90 182.16 209.06 OK
r-devel-linux-x86_64-fedora-clang 1.7-10 341.41 NOTE
r-devel-linux-x86_64-fedora-gcc 1.7-10 322.88 NOTE
r-devel-windows-ix86+x86_64 1.7-10 66.00 322.00 388.00 NOTE
r-patched-linux-x86_64 1.7-10 14.35 280.16 294.51 OK
r-patched-solaris-x86 1.7-10 372.40 NOTE
r-release-linux-x86_64 1.7-10 12.77 280.52 293.29 OK
r-release-windows-ix86+x86_64 1.7-10 35.00 436.00 471.00 NOTE
r-release-osx-x86_64 1.7-10 NOTE
r-oldrel-windows-ix86+x86_64 1.7-10 58.00 401.00 459.00 NOTE
r-oldrel-osx-x86_64 1.7-10 NOTE

Check Details

Version: 1.7-10
Check: installed package size
Result: NOTE
     installed size is 7.7Mb
     sub-directories of 1Mb or more:
     R 1.4Mb
     data 2.8Mb
     pictures 2.1Mb
Flavors: r-devel-linux-x86_64-fedora-clang, r-devel-linux-x86_64-fedora-gcc, r-devel-windows-ix86+x86_64, r-patched-solaris-x86, r-release-windows-ix86+x86_64, r-release-osx-x86_64, r-oldrel-windows-ix86+x86_64, r-oldrel-osx-x86_64