CRAN Package Check Results for Package ade4

Last updated on 2021-04-11 05:47:47 CEST.

Flavor Version Tinstall Tcheck Ttotal Status Flags
r-devel-linux-x86_64-debian-clang 1.7-16 47.52 340.03 387.55 OK
r-devel-linux-x86_64-debian-gcc 1.7-16 34.84 252.19 287.03 OK
r-devel-linux-x86_64-fedora-clang 1.7-16 459.68 NOTE
r-devel-linux-x86_64-fedora-gcc 1.7-16 444.87 NOTE
r-devel-windows-ix86+x86_64 1.7-16 63.00 482.00 545.00 NOTE
r-devel-windows-x86_64-gcc10-UCRT 1.7-16 NOTE
r-patched-linux-x86_64 1.7-16 44.18 311.06 355.24 OK
r-patched-solaris-x86 1.7-16 564.20 NOTE
r-release-linux-x86_64 1.7-16 41.56 310.59 352.15 OK
r-release-macos-x86_64 1.7-16 NOTE
r-release-windows-ix86+x86_64 1.7-16 63.00 638.00 701.00 NOTE
r-oldrel-macos-x86_64 1.7-16 NOTE
r-oldrel-windows-ix86+x86_64 1.7-16 77.00 439.00 516.00 NOTE

Check Details

Version: 1.7-16
Check: installed package size
Result: NOTE
     installed size is 7.8Mb
     sub-directories of 1Mb or more:
     R 1.4Mb
     data 2.8Mb
     pictures 2.1Mb
Flavors: r-devel-linux-x86_64-fedora-clang, r-devel-windows-ix86+x86_64, r-patched-solaris-x86, r-release-macos-x86_64, r-release-windows-ix86+x86_64, r-oldrel-macos-x86_64, r-oldrel-windows-ix86+x86_64

Version: 1.7-16
Check: dependencies in R code
Result: NOTE
    Namespace in Imports field not imported from: ‘sp’
     All declared Imports should be used.
Flavors: r-devel-linux-x86_64-fedora-clang, r-devel-linux-x86_64-fedora-gcc, r-devel-windows-x86_64-gcc10-UCRT, r-patched-solaris-x86, r-release-macos-x86_64

Version: 1.7-16
Check: dependencies in R code
Result: NOTE
    No protocol specified
    No protocol specified
    No protocol specified
    No protocol specified
    Namespace in Imports field not imported from: ‘sp’
     All declared Imports should be used.
Flavor: r-oldrel-macos-x86_64