CRAN Package Check Results for Package ade4

Last updated on 2018-12-14 11:47:16 CET.

Flavor Version Tinstall Tcheck Ttotal Status Flags
r-devel-linux-x86_64-debian-clang 1.7-13 42.87 249.80 292.67 OK
r-devel-linux-x86_64-debian-gcc 1.7-13 26.75 190.98 217.73 OK
r-devel-linux-x86_64-fedora-clang 1.7-13 334.94 NOTE
r-devel-linux-x86_64-fedora-gcc 1.7-13 324.33 OK
r-devel-windows-ix86+x86_64 1.7-13 93.00 432.00 525.00 NOTE
r-patched-linux-x86_64 1.7-13 36.06 241.88 277.94 OK
r-patched-solaris-x86 1.7-13 434.20 NOTE
r-release-linux-x86_64 1.7-13 34.86 243.83 278.69 OK
r-release-windows-ix86+x86_64 1.7-13 80.00 429.00 509.00 NOTE
r-release-osx-x86_64 1.7-13 NOTE
r-oldrel-windows-ix86+x86_64 1.7-13 39.00 462.00 501.00 NOTE
r-oldrel-osx-x86_64 1.7-13 NOTE

Check Details

Version: 1.7-13
Check: installed package size
Result: NOTE
     installed size is 7.8Mb
     sub-directories of 1Mb or more:
     R 1.4Mb
     data 2.8Mb
     pictures 2.1Mb
Flavors: r-devel-linux-x86_64-fedora-clang, r-devel-windows-ix86+x86_64, r-patched-solaris-x86, r-release-windows-ix86+x86_64, r-release-osx-x86_64, r-oldrel-windows-ix86+x86_64, r-oldrel-osx-x86_64