CRAN Package Check Results for Package ade4

Last updated on 2018-08-20 11:48:31 CEST.

Flavor Version Tinstall Tcheck Ttotal Status Flags
r-devel-linux-x86_64-debian-clang 1.7-11 39.33 244.33 283.66 OK
r-devel-linux-x86_64-debian-gcc 1.7-11 25.74 188.13 213.87 OK
r-devel-linux-x86_64-fedora-clang 1.7-11 331.08 NOTE
r-devel-linux-x86_64-fedora-gcc 1.7-11 322.20 OK
r-devel-windows-ix86+x86_64 1.7-11 89.00 409.00 498.00 NOTE
r-patched-linux-x86_64 1.7-11 35.68 239.55 275.23 OK
r-patched-solaris-x86 1.7-11 425.30 NOTE
r-release-linux-x86_64 1.7-11 37.05 242.62 279.67 OK
r-release-windows-ix86+x86_64 1.7-11 89.00 415.00 504.00 NOTE
r-release-osx-x86_64 1.7-11 NOTE
r-oldrel-windows-ix86+x86_64 1.7-11 37.00 444.00 481.00 NOTE
r-oldrel-osx-x86_64 1.7-11 NOTE

Check Details

Version: 1.7-11
Check: installed package size
Result: NOTE
     installed size is 7.7Mb
     sub-directories of 1Mb or more:
     R 1.4Mb
     data 2.8Mb
     pictures 2.1Mb
Flavors: r-devel-linux-x86_64-fedora-clang, r-devel-windows-ix86+x86_64, r-patched-solaris-x86, r-release-windows-ix86+x86_64, r-release-osx-x86_64, r-oldrel-windows-ix86+x86_64, r-oldrel-osx-x86_64