CRAN Package Check Results for Package adegenet

Last updated on 2019-03-18 23:50:54 CET.

Flavor Version Tinstall Tcheck Ttotal Status Flags
r-devel-linux-x86_64-debian-clang 2.1.1 29.59 182.59 212.18 WARN
r-devel-linux-x86_64-debian-gcc 2.1.1 26.01 147.86 173.87 OK
r-devel-linux-x86_64-fedora-clang 2.1.1 261.48 OK
r-devel-linux-x86_64-fedora-gcc 2.1.1 237.37 OK
r-devel-windows-ix86+x86_64 2.1.1 68.00 313.00 381.00 OK
r-patched-linux-x86_64 2.1.1 23.38 166.94 190.32 OK
r-patched-solaris-x86 2.1.1 335.90 NOTE
r-release-linux-x86_64 2.1.1 21.80 167.03 188.83 OK
r-release-windows-ix86+x86_64 2.1.1 52.00 207.00 259.00 OK
r-release-osx-x86_64 2.1.1 OK
r-oldrel-windows-ix86+x86_64 2.1.1 58.00 329.00 387.00 OK
r-oldrel-osx-x86_64 2.1.1 OK

Check Details

Version: 2.1.1
Check: whether package can be installed
Result: WARN
    Found the following significant warnings:
     Warning: unable to re-encode 'glPlot.R' line 35
     Warning: unable to re-encode 'pairDist.R' lines 2, 3
     Warning: unable to re-encode 'snapclust.R' line 121
     Warning: unable to re-encode 'AIC.snapclust.R' line 17
     Warning: unable to re-encode 'AICc.snapclust.R' line 17
     Warning: unable to re-encode 'BIC.snapclust.R' line 18
     Warning: unable to re-encode 'KIC.snapclust.R' line 31
Flavor: r-devel-linux-x86_64-debian-clang

Version: 2.1.1
Check: installed package size
Result: NOTE
     installed size is 5.4Mb
     sub-directories of 1Mb or more:
     R 1.4Mb
     data 1.3Mb
     files 1.9Mb
Flavor: r-patched-solaris-x86