CRAN Package Check Results for Package adegenet

Last updated on 2019-05-25 17:47:59 CEST.

Flavor Version Tinstall Tcheck Ttotal Status Flags
r-devel-linux-x86_64-debian-clang 2.1.1 30.55 183.15 213.70 OK
r-devel-linux-x86_64-debian-gcc 2.1.1 25.87 140.94 166.81 OK
r-devel-linux-x86_64-fedora-clang 2.1.1 247.54 OK
r-devel-linux-x86_64-fedora-gcc 2.1.1 241.68 OK
r-devel-windows-ix86+x86_64 2.1.1 55.00 412.00 467.00 OK
r-patched-linux-x86_64 2.1.1 OK
r-patched-solaris-x86 2.1.1 371.70 NOTE
r-release-linux-x86_64 2.1.1 28.45 179.75 208.20 OK
r-release-windows-ix86+x86_64 2.1.1 77.00 287.00 364.00 OK
r-release-osx-x86_64 2.1.1 OK
r-oldrel-windows-ix86+x86_64 2.1.1 58.00 230.00 288.00 OK
r-oldrel-osx-x86_64 2.1.1 OK

Check Details

Version: 2.1.1
Check: installed package size
Result: NOTE
     installed size is 5.4Mb
     sub-directories of 1Mb or more:
     R 1.4Mb
     data 1.3Mb
     files 1.9Mb
Flavor: r-patched-solaris-x86