CRAN Package Check Results for Package adegenet

Last updated on 2023-06-11 01:01:07 CEST.

Flavor Version Tinstall Tcheck Ttotal Status Flags
r-devel-linux-x86_64-debian-clang 2.1.10 34.80 234.97 269.77 OK
r-devel-linux-x86_64-debian-gcc 2.1.10 23.32 176.97 200.29 OK
r-devel-linux-x86_64-fedora-clang 2.1.10 328.89 OK
r-devel-linux-x86_64-fedora-gcc 2.1.10 310.95 OK
r-devel-windows-x86_64 2.1.10 35.00 202.00 237.00 OK
r-patched-linux-x86_64 2.1.10 33.24 218.82 252.06 OK
r-release-linux-x86_64 2.1.10 34.25 219.54 253.79 OK
r-release-macos-arm64 2.1.10 93.00 NOTE
r-release-macos-x86_64 2.1.10 150.00 NOTE
r-release-windows-x86_64 2.1.10 42.00 253.00 295.00 OK
r-oldrel-macos-arm64 2.1.10 83.00 NOTE
r-oldrel-macos-x86_64 2.1.10 114.00 OK
r-oldrel-windows-x86_64 2.1.10 41.00 245.00 286.00 OK

Check Details

Version: 2.1.10
Check: installed package size
Result: NOTE
     installed size is 5.8Mb
     sub-directories of 1Mb or more:
     R 2.0Mb
     data 1.3Mb
     files 1.7Mb
Flavors: r-release-macos-arm64, r-release-macos-x86_64, r-oldrel-macos-arm64

Version: 2.1.10
Check: package dependencies
Result: NOTE
    Packages suggested but not available for checking:
     'adespatial', 'hierfstat', 'spdep', 'poppr'
Flavor: r-release-macos-x86_64

Version: 2.1.10
Check: Rd cross-references
Result: NOTE
    Package unavailable to check Rd xrefs: ‘spdep’
Flavor: r-release-macos-x86_64