Last updated on 2023-03-24 11:55:43 CET.
Flavor | Version | Tinstall | Tcheck | Ttotal | Status | Flags |
---|---|---|---|---|---|---|
r-devel-linux-x86_64-debian-clang | 0.3.26 | 18.50 | 131.95 | 150.45 | OK | |
r-devel-linux-x86_64-debian-gcc | 0.3.26 | 12.58 | 106.60 | 119.18 | OK | |
r-devel-linux-x86_64-fedora-clang | 0.3.26 | 183.50 | OK | |||
r-devel-linux-x86_64-fedora-gcc | 0.3.26 | 197.88 | OK | |||
r-devel-windows-x86_64 | 0.3.26 | 100.00 | 205.00 | 305.00 | OK | |
r-patched-linux-x86_64 | 0.3.26 | 18.36 | 133.22 | 151.58 | OK | |
r-release-linux-x86_64 | 0.3.26 | 14.94 | 134.12 | 149.06 | OK | |
r-release-macos-arm64 | 0.3.26 | 83.00 | NOTE | |||
r-release-macos-x86_64 | 0.3.26 | 127.00 | OK | |||
r-release-windows-x86_64 | 0.3.26 | 100.00 | 215.00 | 315.00 | OK | |
r-oldrel-macos-arm64 | 0.3.26 | 86.00 | OK | |||
r-oldrel-macos-x86_64 | 0.3.26 | 129.00 | OK | |||
r-oldrel-windows-ix86+x86_64 | 0.3.26 | 36.00 | 196.00 | 232.00 | OK |
Version: 0.3.26
Check: package dependencies
Result: NOTE
Package suggested but not available for checking: ‘maptools’
Flavor: r-release-macos-arm64