CRAN Package Check Results for Package adephylo

Last updated on 2021-05-13 05:49:29 CEST.

Flavor Version Tinstall Tcheck Ttotal Status Flags
r-devel-linux-x86_64-debian-clang 1.1-11 27.57 231.94 259.51 OK
r-devel-linux-x86_64-debian-gcc 1.1-11 21.46 171.98 193.44 OK
r-devel-linux-x86_64-fedora-clang 1.1-11 317.02 OK
r-devel-linux-x86_64-fedora-gcc 1.1-11 303.00 OK
r-devel-windows-ix86+x86_64 1.1-11 65.00 350.00 415.00 OK
r-devel-windows-x86_64-gcc10-UCRT 1.1-11 OK
r-patched-linux-x86_64 1.1-11 31.55 219.12 250.67 OK
r-patched-solaris-x86 1.1-11 452.50 OK
r-release-linux-x86_64 1.1-11 24.86 213.24 238.10 OK
r-release-macos-x86_64 1.1-11 OK
r-release-windows-ix86+x86_64 1.1-11 50.00 369.00 419.00 OK
r-oldrel-macos-x86_64 1.1-11 OK
r-oldrel-windows-ix86+x86_64 1.1-11 59.00 15.00 74.00 ERROR

Check Details

Version: 1.1-11
Check: whether package can be installed
Result: ERROR
    Installation failed.
Flavor: r-oldrel-windows-ix86+x86_64